CRAN Package Check Results for Package revulyticsR

Last updated on 2025-02-22 00:49:57 CET.

Flavor Version Tinstall Tcheck Ttotal Status Flags
r-devel-linux-x86_64-debian-clang 0.0.3 4.34 36.54 40.88 OK
r-devel-linux-x86_64-debian-gcc 0.0.3 3.61 26.97 30.58 OK
r-devel-linux-x86_64-fedora-clang 0.0.3 65.36 OK
r-devel-linux-x86_64-fedora-gcc 0.0.3 59.63 OK
r-devel-macos-arm64 0.0.3 23.00 OK
r-devel-macos-x86_64 0.0.3 42.00 OK
r-devel-windows-x86_64 0.0.3 6.00 60.00 66.00 OK
r-patched-linux-x86_64 0.0.3 4.45 33.59 38.04 NOTE
r-release-linux-x86_64 0.0.3 4.62 33.78 38.40 NOTE
r-release-macos-arm64 0.0.3 23.00 NOTE
r-release-macos-x86_64 0.0.3 32.00 NOTE
r-release-windows-x86_64 0.0.3 7.00 61.00 68.00 NOTE
r-oldrel-macos-arm64 0.0.3 25.00 NOTE
r-oldrel-macos-x86_64 0.0.3 35.00 NOTE
r-oldrel-windows-x86_64 0.0.3 7.00 70.00 77.00 NOTE

Check Details

Version: 0.0.3
Check: LazyData
Result: NOTE 'LazyData' is specified without a 'data' directory Flavors: r-patched-linux-x86_64, r-release-linux-x86_64, r-release-macos-arm64, r-release-macos-x86_64, r-release-windows-x86_64, r-oldrel-macos-arm64, r-oldrel-macos-x86_64, r-oldrel-windows-x86_64