Last updated on 2025-02-22 00:49:57 CET.
Flavor | Version | Tinstall | Tcheck | Ttotal | Status | Flags |
---|---|---|---|---|---|---|
r-devel-linux-x86_64-debian-clang | 0.0.1 | 0.40 | 2.00 | 2.40 | ERROR | |
r-devel-linux-x86_64-debian-gcc | 0.0.1 | 28.29 | 250.38 | 278.67 | OK | |
r-devel-linux-x86_64-fedora-clang | 0.0.1 | 647.86 | OK | |||
r-devel-linux-x86_64-fedora-gcc | 0.0.1 | 643.60 | OK | |||
r-devel-macos-arm64 | 0.0.1 | 4.00 | OK | |||
r-devel-macos-x86_64 | 0.0.1 | 7.00 | ERROR | |||
r-devel-windows-x86_64 | 0.0.1 | 36.00 | 269.00 | 305.00 | OK | |
r-patched-linux-x86_64 | 0.0.1 | 36.78 | 309.36 | 346.14 | OK | |
r-release-linux-x86_64 | 0.0.1 | 38.23 | 312.06 | 350.29 | OK | |
r-release-macos-arm64 | 0.0.1 | 9.00 | OK | |||
r-release-macos-x86_64 | 0.0.1 | 11.00 | ERROR | |||
r-release-windows-x86_64 | 0.0.1 | 34.00 | 266.00 | 300.00 | OK | |
r-oldrel-macos-arm64 | 0.0.1 | 9.00 | ERROR | |||
r-oldrel-macos-x86_64 | 0.0.1 | 11.00 | ERROR | |||
r-oldrel-windows-x86_64 | 0.0.1 | 17.00 | 15.00 | 32.00 | ERROR |
Version: 0.0.1
Check: package dependencies
Result: ERROR
Packages required but not available:
'BSgenome', 'BSgenome.Hsapiens.UCSC.hg38'
See section ‘The DESCRIPTION file’ in the ‘Writing R Extensions’
manual.
Flavor: r-devel-linux-x86_64-debian-clang
Version: 0.0.1
Check: package dependencies
Result: ERROR
Package required but not available: ‘BSgenome.Hsapiens.UCSC.hg38’
See section ‘The DESCRIPTION file’ in the ‘Writing R Extensions’
manual.
Flavors: r-devel-macos-x86_64, r-release-macos-x86_64, r-oldrel-macos-arm64, r-oldrel-macos-x86_64
Version: 0.0.1
Check: whether package can be installed
Result: ERROR
Installation failed.
Flavor: r-oldrel-windows-x86_64