Last updated on 2025-10-31 00:51:13 CET.
| Flavor | Version | Tinstall | Tcheck | Ttotal | Status | Flags | 
|---|---|---|---|---|---|---|
| r-devel-linux-x86_64-debian-clang | 0.2.0 | 7.47 | 126.04 | 133.51 | NOTE | |
| r-devel-linux-x86_64-debian-gcc | 0.2.0 | 5.22 | 85.95 | 91.17 | NOTE | |
| r-devel-linux-x86_64-fedora-clang | 0.2.0 | 18.00 | 187.27 | 205.27 | NOTE | |
| r-devel-linux-x86_64-fedora-gcc | 0.2.0 | 34.00 | 190.24 | 224.24 | NOTE | |
| r-devel-windows-x86_64 | 0.2.0 | 9.00 | 137.00 | 146.00 | NOTE | |
| r-patched-linux-x86_64 | 0.2.0 | 7.91 | 118.85 | 126.76 | NOTE | |
| r-release-linux-x86_64 | 0.2.0 | 7.12 | 117.29 | 124.41 | NOTE | |
| r-release-macos-arm64 | 0.2.0 | 3.00 | 67.00 | 70.00 | NOTE | |
| r-release-macos-x86_64 | 0.2.0 | 6.00 | 130.00 | 136.00 | NOTE | |
| r-release-windows-x86_64 | 0.2.0 | 13.00 | 137.00 | 150.00 | NOTE | |
| r-oldrel-macos-arm64 | 0.2.0 | 3.00 | 61.00 | 64.00 | NOTE | |
| r-oldrel-macos-x86_64 | 0.2.0 | 5.00 | 92.00 | 97.00 | NOTE | |
| r-oldrel-windows-x86_64 | 0.2.0 | 11.00 | 169.00 | 180.00 | NOTE | 
Version: 0.2.0
Check: Rd files
Result: NOTE
  checkRd: (-1) harmonize_values.Rd:44: Lost braces; missing escapes or markup?
      44 | \item{perl}{Use perl-like regex? Defaults to {FALSE}.}
         |                                              ^
Flavors: r-devel-linux-x86_64-debian-clang, r-devel-linux-x86_64-debian-gcc, r-devel-linux-x86_64-fedora-clang, r-devel-linux-x86_64-fedora-gcc, r-devel-windows-x86_64, r-patched-linux-x86_64, r-release-linux-x86_64, r-release-macos-arm64, r-release-macos-x86_64, r-release-windows-x86_64, r-oldrel-macos-arm64, r-oldrel-macos-x86_64, r-oldrel-windows-x86_64
Version: 0.2.0
Check: installed package size
Result: NOTE
    installed size is  5.6Mb
    sub-directories of 1Mb or more:
      doc        1.1Mb
      examples   1.9Mb
Flavors: r-oldrel-macos-arm64, r-oldrel-macos-x86_64, r-oldrel-windows-x86_64