Last updated on 2024-06-16 01:49:36 CEST.
Flavor | Version | Tinstall | Tcheck | Ttotal | Status | Flags |
---|---|---|---|---|---|---|
r-devel-linux-x86_64-debian-clang | 1.0.0.1 | 2.01 | 24.25 | 26.26 | NOTE | |
r-devel-linux-x86_64-debian-gcc | 1.0.0.1 | 1.62 | 19.35 | 20.97 | NOTE | |
r-devel-linux-x86_64-fedora-clang | 1.0.0.1 | 35.40 | NOTE | |||
r-devel-linux-x86_64-fedora-gcc | 1.0.0.1 | 45.58 | NOTE | |||
r-devel-windows-x86_64 | 1.0.0.1 | 3.00 | 40.00 | 43.00 | NOTE | |
r-patched-linux-x86_64 | 1.0.0.1 | 1.95 | 23.63 | 25.58 | NOTE | |
r-release-linux-x86_64 | 1.0.0.1 | 1.92 | 24.12 | 26.04 | NOTE | |
r-release-macos-arm64 | 1.0.0.1 | 19.00 | NOTE | |||
r-release-macos-x86_64 | 1.0.0.1 | 30.00 | NOTE | |||
r-release-windows-x86_64 | 1.0.0.1 | 3.00 | 67.00 | 70.00 | NOTE | |
r-oldrel-macos-arm64 | 1.0.0.1 | 18.00 | NOTE | |||
r-oldrel-macos-x86_64 | 1.0.0.1 | 26.00 | NOTE | |||
r-oldrel-windows-x86_64 | 1.0.0.1 | 3.00 | 43.00 | 46.00 | NOTE |
Version: 1.0.0.1
Check: LazyData
Result: NOTE
'LazyData' is specified without a 'data' directory
Flavors: r-devel-linux-x86_64-debian-clang, r-devel-linux-x86_64-debian-gcc, r-devel-linux-x86_64-fedora-clang, r-devel-linux-x86_64-fedora-gcc, r-devel-windows-x86_64, r-patched-linux-x86_64, r-release-linux-x86_64, r-release-macos-arm64, r-release-macos-x86_64, r-release-windows-x86_64, r-oldrel-macos-arm64, r-oldrel-macos-x86_64, r-oldrel-windows-x86_64