Last updated on 2024-07-22 01:49:33 CEST.
Flavor | Version | Tinstall | Tcheck | Ttotal | Status | Flags |
---|---|---|---|---|---|---|
r-devel-linux-x86_64-debian-clang | 3.4 | 142.38 | 40.27 | 182.65 | OK | |
r-devel-linux-x86_64-debian-gcc | 3.4 | 114.52 | 30.65 | 145.17 | OK | |
r-devel-linux-x86_64-fedora-clang | 3.4 | 329.28 | NOTE | |||
r-devel-linux-x86_64-fedora-gcc | 3.4 | 359.90 | NOTE | |||
r-devel-windows-x86_64 | 3.4 | 121.00 | 79.00 | 200.00 | OK | |
r-patched-linux-x86_64 | 3.4 | 165.96 | 39.20 | 205.16 | OK | |
r-release-linux-x86_64 | 3.4 | 134.09 | 39.36 | 173.45 | OK | |
r-release-macos-arm64 | 3.4 | 63.00 | NOTE | |||
r-release-macos-x86_64 | 3.4 | 66.00 | NOTE | |||
r-release-windows-x86_64 | 3.4 | 138.00 | 72.00 | 210.00 | OK | |
r-oldrel-macos-arm64 | 3.4 | 84.00 | NOTE | |||
r-oldrel-macos-x86_64 | 3.4 | 135.00 | NOTE | |||
r-oldrel-windows-x86_64 | 3.4 | 173.00 | 84.00 | 257.00 | OK |
Version: 3.4
Check: compiled code
Result: NOTE
File ‘repolr/libs/repolr.so’:
Found no calls to: ‘R_registerRoutines’, ‘R_useDynamicSymbols’
It is good practice to register native routines and to disable symbol
search.
See ‘Writing portable packages’ in the ‘Writing R Extensions’ manual.
Flavors: r-devel-linux-x86_64-fedora-clang, r-devel-linux-x86_64-fedora-gcc
Version: 3.4
Check: installed package size
Result: NOTE
installed size is 9.5Mb
sub-directories of 1Mb or more:
libs 9.3Mb
Flavors: r-release-macos-arm64, r-release-macos-x86_64, r-oldrel-macos-arm64, r-oldrel-macos-x86_64