CRAN Package Check Results for Package repana

Last updated on 2025-02-22 00:49:57 CET.

Flavor Version Tinstall Tcheck Ttotal Status Flags
r-devel-linux-x86_64-debian-clang 2.2.0 7.37 91.54 98.91 ERROR
r-devel-linux-x86_64-debian-gcc 2.2.0 5.54 68.97 74.51 ERROR
r-devel-linux-x86_64-fedora-clang 2.2.0 158.73 ERROR
r-devel-linux-x86_64-fedora-gcc 2.2.0 165.72 ERROR
r-devel-macos-arm64 2.2.0 64.00 OK
r-devel-macos-x86_64 2.2.1 111.00 OK
r-devel-windows-x86_64 2.2.0 9.00 130.00 139.00 OK
r-patched-linux-x86_64 2.2.0 7.02 86.80 93.82 OK
r-release-linux-x86_64 2.2.0 6.21 86.53 92.74 OK
r-release-macos-arm64 2.2.0 69.00 OK
r-release-macos-x86_64 2.2.1 105.00 OK
r-release-windows-x86_64 2.2.0 10.00 134.00 144.00 ERROR
r-oldrel-macos-arm64 2.2.0 74.00 OK
r-oldrel-macos-x86_64 2.2.1 93.00 OK
r-oldrel-windows-x86_64 2.2.0 11.00 202.00 213.00 ERROR

Check Details

Version: 2.2.0
Check: tests
Result: ERROR Running ‘spelling.R’ [0s/0s] Running ‘testthat.R’ [24s/30s] Running the tests in ‘tests/testthat.R’ failed. Complete output: > library(testthat) > library(repana) Loading required package: DBI > > test_check("repana") Current directory: /home/hornik/tmp/R.check/r-devel-clang/Work/PKGS/repana.Rcheck/tests/testthat Current directory: /home/hornik/tmp/R.check/r-devel-clang/Work/PKGS/repana.Rcheck/tests/testthat Error in h(simpleError(msg, call)) : error in evaluating the argument 'value' in selecting a method for function 'dbWriteTable': object 'borrar' not found Current directory: /home/hornik/tmp/R.check/r-devel-clang/Work/PKGS/repana.Rcheck/tests/testthat TEMPORARY directory: /home/hornik/tmp/scratch/RtmpxcqFgp/file1a22f459f43c8f ./00_clean.R outputfile: logs/00_clean Error in abs_path(output_file) : The file 'logs/00_clean.pdf' does not exist. [1] "2025-02-21 04:31:29" [1] "./00_clean.R" [1] "3.015007 secs" [1] "FAIL" ./02_prog_a.R outputfile: logs/02_prog_a Error in abs_path(output_file) : The file 'logs/02_prog_a.pdf' does not exist. [1] "2025-02-21 04:31:32" [1] "./02_prog_a.R" [1] "2.488981 secs" [1] "FAIL" ./03_prog_b.R outputfile: logs/03_prog_b Error in abs_path(output_file) : The file 'logs/03_prog_b.pdf' does not exist. [1] "2025-02-21 04:31:35" [1] "./03_prog_b.R" [1] "2.899287 secs" [1] "FAIL" ./04_prog_c.R outputfile: logs/04_prog_c Error in eval(expr, envir) : prog_test_c makes and error [1] "2025-02-21 04:31:38" [1] "./04_prog_c.R" [1] "0.09505582 secs" [1] "FAIL" ./05_prog_d.R outputfile: logs/05_prog_d Error in abs_path(output_file) : The file 'logs/05_prog_d.pdf' does not exist. [1] "2025-02-21 04:31:38" [1] "./05_prog_d.R" [1] "2.919889 secs" [1] "FAIL" timestart script elapsed comments 1 2025-02-21 04:31:29 ./00_clean.R 3.015007 secs FAIL 2 2025-02-21 04:31:32 ./02_prog_a.R 2.488981 secs FAIL 3 2025-02-21 04:31:35 ./03_prog_b.R 2.899287 secs FAIL 4 2025-02-21 04:31:38 ./04_prog_c.R 0.09505582 secs FAIL 5 2025-02-21 04:31:38 ./05_prog_d.R 2.919889 secs FAIL Current directory: /home/hornik/tmp/scratch/RtmpxcqFgp/file1a22f459f43c8f TEMPORARY directory: /home/hornik/tmp/scratch/RtmpxcqFgp/file1a22f432f8509d ./00_clean.R outputfile: logs/00_clean [1] "2025-02-21 04:31:41" [1] "./00_clean.R" [1] "0.5325353 secs" [1] ":-)" ./02_prog_a.R outputfile: logs/02_prog_a [1] "2025-02-21 04:31:42" [1] "./02_prog_a.R" [1] "0.5815067 secs" [1] ":-)" ./03_prog_b.R outputfile: logs/03_prog_b [1] "2025-02-21 04:31:42" [1] "./03_prog_b.R" [1] "0.6122904 secs" [1] ":-)" ./04_prog_c.R outputfile: logs/04_prog_c Error in eval(expr, envir) : prog_test_c makes and error [1] "2025-02-21 04:31:43" [1] "./04_prog_c.R" [1] "0.0751617 secs" [1] "FAIL" ./05_prog_d.R outputfile: logs/05_prog_d [1] "2025-02-21 04:31:43" [1] "./05_prog_d.R" [1] "0.5256436 secs" [1] ":-)" timestart script elapsed comments 1 2025-02-21 04:31:41 ./00_clean.R 0.5325353 secs :-) 2 2025-02-21 04:31:42 ./02_prog_a.R 0.5815067 secs :-) 3 2025-02-21 04:31:42 ./03_prog_b.R 0.6122904 secs :-) 4 2025-02-21 04:31:43 ./04_prog_c.R 0.0751617 secs FAIL 5 2025-02-21 04:31:43 ./05_prog_d.R 0.5256436 secs :-) Current directory: /home/hornik/tmp/scratch/RtmpxcqFgp/file1a22f432f8509d ./02_prog_a.R outputfile: logs/02_prog_a [1] "2025-02-21 04:31:44" [1] "./02_prog_a.R" [1] "0.5988398 secs" [1] ":-)" ./03_prog_b.R outputfile: logs/03_prog_b [1] "2025-02-21 04:31:44" [1] "./03_prog_b.R" [1] "0.4699409 secs" [1] ":-)" Current directory: /home/hornik/tmp/R.check/r-devel-clang/Work/PKGS/repana.Rcheck/tests/testthat TEMPORARY directory: /home/hornik/tmp/scratch/RtmpxcqFgp/file1a22f44d1d1fd2 ./00_clean.R ================================================================================ Make new directories for: database reports logs ./02_prog_a.R ================================================================================ I'm in Program A./03_prog_b.R ================================================================================ I'm in program B ./04_prog_c.R ================================================================================ I'm in program C and would fail!!Error: prog_test_c makes and error Execution halted ./05_prog_d.R ================================================================================ Loading required package: DBI I'm in program D timestart script elapsed comments 1 2025-02-21 04:31:45 ./00_clean.R 2.151469 secs :-) 2 2025-02-21 04:31:47 ./02_prog_a.R 0.2966757 secs :-) 3 2025-02-21 04:31:48 ./03_prog_b.R 0.2818124 secs :-) 4 2025-02-21 04:31:48 ./04_prog_c.R 0.2900629 secs FAIL 5 2025-02-21 04:31:48 ./05_prog_d.R 2.209032 secs :-) Current directory: /home/hornik/tmp/scratch/RtmpxcqFgp/file1a22f44d1d1fd2 outputfile: test_report.html /usr/bin/pandoc +RTS -K512m -RTS test_report.knit.md --to html4 --from markdown+autolink_bare_uris+tex_math_single_backslash --output test_report.html --lua-filter /home/hornik/tmp/R.check/r-devel-clang/Work/build/Packages/rmarkdown/rmarkdown/lua/pagebreak.lua --lua-filter /home/hornik/tmp/R.check/r-devel-clang/Work/build/Packages/rmarkdown/rmarkdown/lua/latex-div.lua --lua-filter /home/hornik/tmp/R.check/r-devel-clang/Work/build/Packages/rmarkdown/rmarkdown/lua/table-classes.lua --embed-resources --standalone --variable bs3=TRUE --section-divs --template /home/hornik/tmp/R.check/r-devel-clang/Work/build/Packages/rmarkdown/rmd/h/default.html --no-highlight --variable highlightjs=1 --variable theme=bootstrap --mathjax --variable 'mathjax-url=https://mathjax.rstudio.com/latest/MathJax.js?config=TeX-AMS-MML_HTMLorMML' --include-in-header /home/hornik/tmp/scratch/RtmpxcqFgp/rmarkdown-str1a22f4798564ed.html outputfile: test_report.html /usr/bin/pandoc +RTS -K512m -RTS test_report.knit.md --to html4 --from markdown+autolink_bare_uris+tex_math_single_backslash --output test_report.html --lua-filter /home/hornik/tmp/R.check/r-devel-clang/Work/build/Packages/rmarkdown/rmarkdown/lua/pagebreak.lua --lua-filter /home/hornik/tmp/R.check/r-devel-clang/Work/build/Packages/rmarkdown/rmarkdown/lua/latex-div.lua --lua-filter /home/hornik/tmp/R.check/r-devel-clang/Work/build/Packages/rmarkdown/rmarkdown/lua/table-classes.lua --embed-resources --standalone --variable bs3=TRUE --section-divs --template /home/hornik/tmp/R.check/r-devel-clang/Work/build/Packages/rmarkdown/rmd/h/default.html --no-highlight --variable highlightjs=1 --variable theme=bootstrap --mathjax --variable 'mathjax-url=https://mathjax.rstudio.com/latest/MathJax.js?config=TeX-AMS-MML_HTMLorMML' --include-in-header /home/hornik/tmp/scratch/RtmpxcqFgp/rmarkdown-str1a22f47e2e1ebc.html outputfile: borrar.html /usr/bin/pandoc +RTS -K512m -RTS test_report.knit.md --to html4 --from markdown+autolink_bare_uris+tex_math_single_backslash --output borrar.html --lua-filter /home/hornik/tmp/R.check/r-devel-clang/Work/build/Packages/rmarkdown/rmarkdown/lua/pagebreak.lua --lua-filter /home/hornik/tmp/R.check/r-devel-clang/Work/build/Packages/rmarkdown/rmarkdown/lua/latex-div.lua --lua-filter /home/hornik/tmp/R.check/r-devel-clang/Work/build/Packages/rmarkdown/rmarkdown/lua/table-classes.lua --embed-resources --standalone --variable bs3=TRUE --section-divs --template /home/hornik/tmp/R.check/r-devel-clang/Work/build/Packages/rmarkdown/rmd/h/default.html --no-highlight --variable highlightjs=1 --variable theme=bootstrap --mathjax --variable 'mathjax-url=https://mathjax.rstudio.com/latest/MathJax.js?config=TeX-AMS-MML_HTMLorMML' --include-in-header /home/hornik/tmp/scratch/RtmpxcqFgp/rmarkdown-str1a22f418538dae.html [ FAIL 5 | WARN 4 | SKIP 0 | PASS 92 ] ══ Failed tests ════════════════════════════════════════════════════════════════ ── Failure ('test_master.R:24:3'): Master works well with pdf ────────────────── file.exists("logs/00_clean.pdf") is not TRUE `actual`: FALSE `expected`: TRUE ── Failure ('test_master.R:25:3'): Master works well with pdf ────────────────── file.exists("logs/02_prog_a.pdf") is not TRUE `actual`: FALSE `expected`: TRUE ── Failure ('test_master.R:26:3'): Master works well with pdf ────────────────── file.exists("logs/03_prog_b.pdf") is not TRUE `actual`: FALSE `expected`: TRUE ── Failure ('test_master.R:28:3'): Master works well with pdf ────────────────── file.exists("logs/05_prog_d.pdf") is not TRUE `actual`: FALSE `expected`: TRUE ── Failure ('test_master.R:32:3'): Master works well with pdf ────────────────── masterfile$comments not equal to c(":-)", ":-)", ":-)", "FAIL", ":-)"). 4/5 mismatches x[1]: "FAIL" y[1]: ":-)" x[2]: "FAIL" y[2]: ":-)" x[3]: "FAIL" y[3]: ":-)" x[5]: "FAIL" y[5]: ":-)" [ FAIL 5 | WARN 4 | SKIP 0 | PASS 92 ] Error: Test failures Execution halted Flavor: r-devel-linux-x86_64-debian-clang

Version: 2.2.0
Check: tests
Result: ERROR Running ‘spelling.R’ [0s/0s] Running ‘testthat.R’ [19s/23s] Running the tests in ‘tests/testthat.R’ failed. Complete output: > library(testthat) > library(repana) Loading required package: DBI > > test_check("repana") Current directory: /home/hornik/tmp/R.check/r-devel-gcc/Work/PKGS/repana.Rcheck/tests/testthat Current directory: /home/hornik/tmp/R.check/r-devel-gcc/Work/PKGS/repana.Rcheck/tests/testthat Error in h(simpleError(msg, call)) : error in evaluating the argument 'value' in selecting a method for function 'dbWriteTable': object 'borrar' not found Current directory: /home/hornik/tmp/R.check/r-devel-gcc/Work/PKGS/repana.Rcheck/tests/testthat TEMPORARY directory: /tmp/RtmpXJFLUR/file12d9dc3a17f65c ./00_clean.R outputfile: logs/00_clean Error in abs_path(output_file) : The file 'logs/00_clean.pdf' does not exist. [1] "2025-02-21 17:21:43" [1] "./00_clean.R" [1] "2.638083 secs" [1] "FAIL" ./02_prog_a.R outputfile: logs/02_prog_a Error in abs_path(output_file) : The file 'logs/02_prog_a.pdf' does not exist. [1] "2025-02-21 17:21:45" [1] "./02_prog_a.R" [1] "1.997767 secs" [1] "FAIL" ./03_prog_b.R outputfile: logs/03_prog_b Error in abs_path(output_file) : The file 'logs/03_prog_b.pdf' does not exist. [1] "2025-02-21 17:21:47" [1] "./03_prog_b.R" [1] "2.30344 secs" [1] "FAIL" ./04_prog_c.R outputfile: logs/04_prog_c Error in eval(expr, envir) : prog_test_c makes and error [1] "2025-02-21 17:21:50" [1] "./04_prog_c.R" [1] "0.06728768 secs" [1] "FAIL" ./05_prog_d.R outputfile: logs/05_prog_d Error in abs_path(output_file) : The file 'logs/05_prog_d.pdf' does not exist. [1] "2025-02-21 17:21:50" [1] "./05_prog_d.R" [1] "2.726806 secs" [1] "FAIL" timestart script elapsed comments 1 2025-02-21 17:21:43 ./00_clean.R 2.638083 secs FAIL 2 2025-02-21 17:21:45 ./02_prog_a.R 1.997767 secs FAIL 3 2025-02-21 17:21:47 ./03_prog_b.R 2.30344 secs FAIL 4 2025-02-21 17:21:50 ./04_prog_c.R 0.06728768 secs FAIL 5 2025-02-21 17:21:50 ./05_prog_d.R 2.726806 secs FAIL Current directory: /tmp/RtmpXJFLUR/file12d9dc3a17f65c TEMPORARY directory: /tmp/RtmpXJFLUR/file12d9dc4ebc605a ./00_clean.R outputfile: logs/00_clean [1] "2025-02-21 17:21:53" [1] "./00_clean.R" [1] "0.5191591 secs" [1] ":-)" ./02_prog_a.R outputfile: logs/02_prog_a [1] "2025-02-21 17:21:53" [1] "./02_prog_a.R" [1] "0.4030507 secs" [1] ":-)" ./03_prog_b.R outputfile: logs/03_prog_b [1] "2025-02-21 17:21:54" [1] "./03_prog_b.R" [1] "0.392415 secs" [1] ":-)" ./04_prog_c.R outputfile: logs/04_prog_c Error in eval(expr, envir) : prog_test_c makes and error [1] "2025-02-21 17:21:54" [1] "./04_prog_c.R" [1] "0.05929947 secs" [1] "FAIL" ./05_prog_d.R outputfile: logs/05_prog_d [1] "2025-02-21 17:21:54" [1] "./05_prog_d.R" [1] "0.5253503 secs" [1] ":-)" timestart script elapsed comments 1 2025-02-21 17:21:53 ./00_clean.R 0.5191591 secs :-) 2 2025-02-21 17:21:53 ./02_prog_a.R 0.4030507 secs :-) 3 2025-02-21 17:21:54 ./03_prog_b.R 0.392415 secs :-) 4 2025-02-21 17:21:54 ./04_prog_c.R 0.05929947 secs FAIL 5 2025-02-21 17:21:54 ./05_prog_d.R 0.5253503 secs :-) Current directory: /tmp/RtmpXJFLUR/file12d9dc4ebc605a ./02_prog_a.R outputfile: logs/02_prog_a [1] "2025-02-21 17:21:55" [1] "./02_prog_a.R" [1] "0.4428604 secs" [1] ":-)" ./03_prog_b.R outputfile: logs/03_prog_b [1] "2025-02-21 17:21:55" [1] "./03_prog_b.R" [1] "0.4166551 secs" [1] ":-)" Current directory: /home/hornik/tmp/R.check/r-devel-gcc/Work/PKGS/repana.Rcheck/tests/testthat TEMPORARY directory: /tmp/RtmpXJFLUR/file12d9dc55da18a1 ./00_clean.R ================================================================================ Make new directories for: database reports logs ./02_prog_a.R ================================================================================ I'm in Program A./03_prog_b.R ================================================================================ I'm in program B ./04_prog_c.R ================================================================================ I'm in program C and would fail!!Error: prog_test_c makes and error Execution halted ./05_prog_d.R ================================================================================ Loading required package: DBI I'm in program D timestart script elapsed comments 1 2025-02-21 17:21:56 ./00_clean.R 1.425671 secs :-) 2 2025-02-21 17:21:57 ./02_prog_a.R 0.2449658 secs :-) 3 2025-02-21 17:21:57 ./03_prog_b.R 0.252538 secs :-) 4 2025-02-21 17:21:58 ./04_prog_c.R 0.2558901 secs FAIL 5 2025-02-21 17:21:58 ./05_prog_d.R 1.452941 secs :-) Current directory: /tmp/RtmpXJFLUR/file12d9dc55da18a1 outputfile: test_report.html /usr/bin/pandoc +RTS -K512m -RTS test_report.knit.md --to html4 --from markdown+autolink_bare_uris+tex_math_single_backslash --output test_report.html --lua-filter /home/hornik/tmp/R.check/r-devel-gcc/Work/build/Packages/rmarkdown/rmarkdown/lua/pagebreak.lua --lua-filter /home/hornik/tmp/R.check/r-devel-gcc/Work/build/Packages/rmarkdown/rmarkdown/lua/latex-div.lua --lua-filter /home/hornik/tmp/R.check/r-devel-gcc/Work/build/Packages/rmarkdown/rmarkdown/lua/table-classes.lua --embed-resources --standalone --variable bs3=TRUE --section-divs --template /home/hornik/tmp/R.check/r-devel-gcc/Work/build/Packages/rmarkdown/rmd/h/default.html --no-highlight --variable highlightjs=1 --variable theme=bootstrap --mathjax --variable 'mathjax-url=https://mathjax.rstudio.com/latest/MathJax.js?config=TeX-AMS-MML_HTMLorMML' --include-in-header /tmp/RtmpXJFLUR/rmarkdown-str12d9dc3419b093.html outputfile: test_report.html /usr/bin/pandoc +RTS -K512m -RTS test_report.knit.md --to html4 --from markdown+autolink_bare_uris+tex_math_single_backslash --output test_report.html --lua-filter /home/hornik/tmp/R.check/r-devel-gcc/Work/build/Packages/rmarkdown/rmarkdown/lua/pagebreak.lua --lua-filter /home/hornik/tmp/R.check/r-devel-gcc/Work/build/Packages/rmarkdown/rmarkdown/lua/latex-div.lua --lua-filter /home/hornik/tmp/R.check/r-devel-gcc/Work/build/Packages/rmarkdown/rmarkdown/lua/table-classes.lua --embed-resources --standalone --variable bs3=TRUE --section-divs --template /home/hornik/tmp/R.check/r-devel-gcc/Work/build/Packages/rmarkdown/rmd/h/default.html --no-highlight --variable highlightjs=1 --variable theme=bootstrap --mathjax --variable 'mathjax-url=https://mathjax.rstudio.com/latest/MathJax.js?config=TeX-AMS-MML_HTMLorMML' --include-in-header /tmp/RtmpXJFLUR/rmarkdown-str12d9dc2c67cca3.html outputfile: borrar.html /usr/bin/pandoc +RTS -K512m -RTS test_report.knit.md --to html4 --from markdown+autolink_bare_uris+tex_math_single_backslash --output borrar.html --lua-filter /home/hornik/tmp/R.check/r-devel-gcc/Work/build/Packages/rmarkdown/rmarkdown/lua/pagebreak.lua --lua-filter /home/hornik/tmp/R.check/r-devel-gcc/Work/build/Packages/rmarkdown/rmarkdown/lua/latex-div.lua --lua-filter /home/hornik/tmp/R.check/r-devel-gcc/Work/build/Packages/rmarkdown/rmarkdown/lua/table-classes.lua --embed-resources --standalone --variable bs3=TRUE --section-divs --template /home/hornik/tmp/R.check/r-devel-gcc/Work/build/Packages/rmarkdown/rmd/h/default.html --no-highlight --variable highlightjs=1 --variable theme=bootstrap --mathjax --variable 'mathjax-url=https://mathjax.rstudio.com/latest/MathJax.js?config=TeX-AMS-MML_HTMLorMML' --include-in-header /tmp/RtmpXJFLUR/rmarkdown-str12d9dc1249801b.html [ FAIL 5 | WARN 4 | SKIP 0 | PASS 92 ] ══ Failed tests ════════════════════════════════════════════════════════════════ ── Failure ('test_master.R:24:3'): Master works well with pdf ────────────────── file.exists("logs/00_clean.pdf") is not TRUE `actual`: FALSE `expected`: TRUE ── Failure ('test_master.R:25:3'): Master works well with pdf ────────────────── file.exists("logs/02_prog_a.pdf") is not TRUE `actual`: FALSE `expected`: TRUE ── Failure ('test_master.R:26:3'): Master works well with pdf ────────────────── file.exists("logs/03_prog_b.pdf") is not TRUE `actual`: FALSE `expected`: TRUE ── Failure ('test_master.R:28:3'): Master works well with pdf ────────────────── file.exists("logs/05_prog_d.pdf") is not TRUE `actual`: FALSE `expected`: TRUE ── Failure ('test_master.R:32:3'): Master works well with pdf ────────────────── masterfile$comments not equal to c(":-)", ":-)", ":-)", "FAIL", ":-)"). 4/5 mismatches x[1]: "FAIL" y[1]: ":-)" x[2]: "FAIL" y[2]: ":-)" x[3]: "FAIL" y[3]: ":-)" x[5]: "FAIL" y[5]: ":-)" [ FAIL 5 | WARN 4 | SKIP 0 | PASS 92 ] Error: Test failures Execution halted Flavor: r-devel-linux-x86_64-debian-gcc

Version: 2.2.0
Check: tests
Result: ERROR Running ‘spelling.R’ Running ‘testthat.R’ [38s/49s] Running the tests in ‘tests/testthat.R’ failed. Complete output: > library(testthat) > library(repana) Loading required package: DBI > > test_check("repana") Current directory: /data/gannet/ripley/R/packages/tests-clang/repana.Rcheck/tests/testthat Current directory: /data/gannet/ripley/R/packages/tests-clang/repana.Rcheck/tests/testthat Error in h(simpleError(msg, call)) : error in evaluating the argument 'value' in selecting a method for function 'dbWriteTable': object 'borrar' not found Current directory: /data/gannet/ripley/R/packages/tests-clang/repana.Rcheck/tests/testthat TEMPORARY directory: /tmp/RtmpDNxhGk/working_dir/RtmpT8KmZA/file354a9b242e2384 ./00_clean.R outputfile: logs/00_clean Error in abs_path(output_file) : The file 'logs/00_clean.pdf' does not exist. [1] "2025-02-21 17:53:51" [1] "./00_clean.R" [1] "5.233367 secs" [1] "FAIL" ./02_prog_a.R outputfile: logs/02_prog_a Error in abs_path(output_file) : The file 'logs/02_prog_a.pdf' does not exist. [1] "2025-02-21 17:53:57" [1] "./02_prog_a.R" [1] "3.931199 secs" [1] "FAIL" ./03_prog_b.R outputfile: logs/03_prog_b Error in abs_path(output_file) : The file 'logs/03_prog_b.pdf' does not exist. [1] "2025-02-21 17:54:00" [1] "./03_prog_b.R" [1] "4.428838 secs" [1] "FAIL" ./04_prog_c.R outputfile: logs/04_prog_c Error in eval(expr, envir) : prog_test_c makes and error [1] "2025-02-21 17:54:05" [1] "./04_prog_c.R" [1] "0.1877043 secs" [1] "FAIL" ./05_prog_d.R outputfile: logs/05_prog_d Error in abs_path(output_file) : The file 'logs/05_prog_d.pdf' does not exist. [1] "2025-02-21 17:54:05" [1] "./05_prog_d.R" [1] "4.436247 secs" [1] "FAIL" timestart script elapsed comments 1 2025-02-21 17:53:51 ./00_clean.R 5.233367 secs FAIL 2 2025-02-21 17:53:57 ./02_prog_a.R 3.931199 secs FAIL 3 2025-02-21 17:54:00 ./03_prog_b.R 4.428838 secs FAIL 4 2025-02-21 17:54:05 ./04_prog_c.R 0.1877043 secs FAIL 5 2025-02-21 17:54:05 ./05_prog_d.R 4.436247 secs FAIL Current directory: /tmp/RtmpDNxhGk/working_dir/RtmpT8KmZA/file354a9b242e2384 TEMPORARY directory: /tmp/RtmpDNxhGk/working_dir/RtmpT8KmZA/file354a9b2261c4d2 ./00_clean.R outputfile: logs/00_clean [1] "2025-02-21 17:54:10" [1] "./00_clean.R" [1] "0.8633254 secs" [1] ":-)" ./02_prog_a.R outputfile: logs/02_prog_a [1] "2025-02-21 17:54:11" [1] "./02_prog_a.R" [1] "0.7278202 secs" [1] ":-)" ./03_prog_b.R outputfile: logs/03_prog_b [1] "2025-02-21 17:54:12" [1] "./03_prog_b.R" [1] "0.8689275 secs" [1] ":-)" ./04_prog_c.R outputfile: logs/04_prog_c Error in eval(expr, envir) : prog_test_c makes and error [1] "2025-02-21 17:54:13" [1] "./04_prog_c.R" [1] "0.1503844 secs" [1] "FAIL" ./05_prog_d.R outputfile: logs/05_prog_d [1] "2025-02-21 17:54:13" [1] "./05_prog_d.R" [1] "0.940578 secs" [1] ":-)" timestart script elapsed comments 1 2025-02-21 17:54:10 ./00_clean.R 0.8633254 secs :-) 2 2025-02-21 17:54:11 ./02_prog_a.R 0.7278202 secs :-) 3 2025-02-21 17:54:12 ./03_prog_b.R 0.8689275 secs :-) 4 2025-02-21 17:54:13 ./04_prog_c.R 0.1503844 secs FAIL 5 2025-02-21 17:54:13 ./05_prog_d.R 0.940578 secs :-) Current directory: /tmp/RtmpDNxhGk/working_dir/RtmpT8KmZA/file354a9b2261c4d2 ./02_prog_a.R outputfile: logs/02_prog_a [1] "2025-02-21 17:54:14" [1] "./02_prog_a.R" [1] "1.009621 secs" [1] ":-)" ./03_prog_b.R outputfile: logs/03_prog_b [1] "2025-02-21 17:54:15" [1] "./03_prog_b.R" [1] "0.8354337 secs" [1] ":-)" Current directory: /data/gannet/ripley/R/packages/tests-clang/repana.Rcheck/tests/testthat TEMPORARY directory: /tmp/RtmpDNxhGk/working_dir/RtmpT8KmZA/file354a9b49f5572c ./00_clean.R ================================================================================ Make new directories for: database reports logs ./02_prog_a.R ================================================================================ I'm in Program A./03_prog_b.R ================================================================================ I'm in program B ./04_prog_c.R ================================================================================ I'm in program C and would fail!!Error: prog_test_c makes and error Execution halted ./05_prog_d.R ================================================================================ Loading required package: DBI I'm in program D timestart script elapsed comments 1 2025-02-21 17:54:16 ./00_clean.R 4.567574 secs :-) 2 2025-02-21 17:54:21 ./02_prog_a.R 0.6059496 secs :-) 3 2025-02-21 17:54:22 ./03_prog_b.R 0.7094343 secs :-) 4 2025-02-21 17:54:22 ./04_prog_c.R 0.6942556 secs FAIL 5 2025-02-21 17:54:23 ./05_prog_d.R 4.809024 secs :-) Current directory: /tmp/RtmpDNxhGk/working_dir/RtmpT8KmZA/file354a9b49f5572c outputfile: test_report.html /data/gannet/ripley/bin/pandoc +RTS -K512m -RTS test_report.knit.md --to html4 --from markdown+autolink_bare_uris+tex_math_single_backslash --output test_report.html --lua-filter /data/gannet/ripley/R/test-clang/rmarkdown/rmarkdown/lua/pagebreak.lua --lua-filter /data/gannet/ripley/R/test-clang/rmarkdown/rmarkdown/lua/latex-div.lua --lua-filter /data/gannet/ripley/R/test-clang/rmarkdown/rmarkdown/lua/table-classes.lua --embed-resources --standalone --variable bs3=TRUE --section-divs --template /data/gannet/ripley/R/test-clang/rmarkdown/rmd/h/default.html --no-highlight --variable highlightjs=1 --variable theme=bootstrap --mathjax --variable 'mathjax-url=https://mathjax.rstudio.com/latest/MathJax.js?config=TeX-AMS-MML_HTMLorMML' --include-in-header /tmp/RtmpDNxhGk/working_dir/RtmpT8KmZA/rmarkdown-str354a9bb249243.html outputfile: test_report.html /data/gannet/ripley/bin/pandoc +RTS -K512m -RTS test_report.knit.md --to html4 --from markdown+autolink_bare_uris+tex_math_single_backslash --output test_report.html --lua-filter /data/gannet/ripley/R/test-clang/rmarkdown/rmarkdown/lua/pagebreak.lua --lua-filter /data/gannet/ripley/R/test-clang/rmarkdown/rmarkdown/lua/latex-div.lua --lua-filter /data/gannet/ripley/R/test-clang/rmarkdown/rmarkdown/lua/table-classes.lua --embed-resources --standalone --variable bs3=TRUE --section-divs --template /data/gannet/ripley/R/test-clang/rmarkdown/rmd/h/default.html --no-highlight --variable highlightjs=1 --variable theme=bootstrap --mathjax --variable 'mathjax-url=https://mathjax.rstudio.com/latest/MathJax.js?config=TeX-AMS-MML_HTMLorMML' --include-in-header /tmp/RtmpDNxhGk/working_dir/RtmpT8KmZA/rmarkdown-str354a9b7133100b.html outputfile: borrar.html /data/gannet/ripley/bin/pandoc +RTS -K512m -RTS test_report.knit.md --to html4 --from markdown+autolink_bare_uris+tex_math_single_backslash --output borrar.html --lua-filter /data/gannet/ripley/R/test-clang/rmarkdown/rmarkdown/lua/pagebreak.lua --lua-filter /data/gannet/ripley/R/test-clang/rmarkdown/rmarkdown/lua/latex-div.lua --lua-filter /data/gannet/ripley/R/test-clang/rmarkdown/rmarkdown/lua/table-classes.lua --embed-resources --standalone --variable bs3=TRUE --section-divs --template /data/gannet/ripley/R/test-clang/rmarkdown/rmd/h/default.html --no-highlight --variable highlightjs=1 --variable theme=bootstrap --mathjax --variable 'mathjax-url=https://mathjax.rstudio.com/latest/MathJax.js?config=TeX-AMS-MML_HTMLorMML' --include-in-header /tmp/RtmpDNxhGk/working_dir/RtmpT8KmZA/rmarkdown-str354a9b6b39bf9e.html [ FAIL 5 | WARN 4 | SKIP 0 | PASS 92 ] ══ Failed tests ════════════════════════════════════════════════════════════════ ── Failure ('test_master.R:24:3'): Master works well with pdf ────────────────── file.exists("logs/00_clean.pdf") is not TRUE `actual`: FALSE `expected`: TRUE ── Failure ('test_master.R:25:3'): Master works well with pdf ────────────────── file.exists("logs/02_prog_a.pdf") is not TRUE `actual`: FALSE `expected`: TRUE ── Failure ('test_master.R:26:3'): Master works well with pdf ────────────────── file.exists("logs/03_prog_b.pdf") is not TRUE `actual`: FALSE `expected`: TRUE ── Failure ('test_master.R:28:3'): Master works well with pdf ────────────────── file.exists("logs/05_prog_d.pdf") is not TRUE `actual`: FALSE `expected`: TRUE ── Failure ('test_master.R:32:3'): Master works well with pdf ────────────────── masterfile$comments not equal to c(":-)", ":-)", ":-)", "FAIL", ":-)"). 4/5 mismatches x[1]: "FAIL" y[1]: ":-)" x[2]: "FAIL" y[2]: ":-)" x[3]: "FAIL" y[3]: ":-)" x[5]: "FAIL" y[5]: ":-)" [ FAIL 5 | WARN 4 | SKIP 0 | PASS 92 ] Error: Test failures Execution halted Flavor: r-devel-linux-x86_64-fedora-clang

Version: 2.2.0
Check: tests
Result: ERROR Running ‘spelling.R’ Running ‘testthat.R’ [37s/49s] Running the tests in ‘tests/testthat.R’ failed. Complete output: > library(testthat) > library(repana) Loading required package: DBI > > test_check("repana") Current directory: /data/gannet/ripley/R/packages/tests-devel/repana.Rcheck/tests/testthat Current directory: /data/gannet/ripley/R/packages/tests-devel/repana.Rcheck/tests/testthat Error in h(simpleError(msg, call)) : error in evaluating the argument 'value' in selecting a method for function 'dbWriteTable': object 'borrar' not found Current directory: /data/gannet/ripley/R/packages/tests-devel/repana.Rcheck/tests/testthat TEMPORARY directory: /tmp/RtmpDtY4em/working_dir/Rtmp1NykUR/file32f87364b09010 ./00_clean.R outputfile: logs/00_clean Error in abs_path(output_file) : The file 'logs/00_clean.pdf' does not exist. [1] "2025-02-21 17:28:23" [1] "./00_clean.R" [1] "5.533753 secs" [1] "FAIL" ./02_prog_a.R outputfile: logs/02_prog_a Error in abs_path(output_file) : The file 'logs/02_prog_a.pdf' does not exist. [1] "2025-02-21 17:28:29" [1] "./02_prog_a.R" [1] "4.198668 secs" [1] "FAIL" ./03_prog_b.R outputfile: logs/03_prog_b Error in abs_path(output_file) : The file 'logs/03_prog_b.pdf' does not exist. [1] "2025-02-21 17:28:33" [1] "./03_prog_b.R" [1] "4.15639 secs" [1] "FAIL" ./04_prog_c.R outputfile: logs/04_prog_c Error in eval(expr, envir) : prog_test_c makes and error [1] "2025-02-21 17:28:37" [1] "./04_prog_c.R" [1] "0.1592286 secs" [1] "FAIL" ./05_prog_d.R outputfile: logs/05_prog_d Error in abs_path(output_file) : The file 'logs/05_prog_d.pdf' does not exist. [1] "2025-02-21 17:28:37" [1] "./05_prog_d.R" [1] "4.16969 secs" [1] "FAIL" timestart script elapsed comments 1 2025-02-21 17:28:23 ./00_clean.R 5.533753 secs FAIL 2 2025-02-21 17:28:29 ./02_prog_a.R 4.198668 secs FAIL 3 2025-02-21 17:28:33 ./03_prog_b.R 4.15639 secs FAIL 4 2025-02-21 17:28:37 ./04_prog_c.R 0.1592286 secs FAIL 5 2025-02-21 17:28:37 ./05_prog_d.R 4.16969 secs FAIL Current directory: /tmp/RtmpDtY4em/working_dir/Rtmp1NykUR/file32f87364b09010 TEMPORARY directory: /tmp/RtmpDtY4em/working_dir/Rtmp1NykUR/file32f8739c4b441 ./00_clean.R outputfile: logs/00_clean [1] "2025-02-21 17:28:42" [1] "./00_clean.R" [1] "0.8027089 secs" [1] ":-)" ./02_prog_a.R outputfile: logs/02_prog_a [1] "2025-02-21 17:28:43" [1] "./02_prog_a.R" [1] "0.8708239 secs" [1] ":-)" ./03_prog_b.R outputfile: logs/03_prog_b [1] "2025-02-21 17:28:44" [1] "./03_prog_b.R" [1] "0.8173735 secs" [1] ":-)" ./04_prog_c.R outputfile: logs/04_prog_c Error in eval(expr, envir) : prog_test_c makes and error [1] "2025-02-21 17:28:45" [1] "./04_prog_c.R" [1] "0.1720119 secs" [1] "FAIL" ./05_prog_d.R outputfile: logs/05_prog_d [1] "2025-02-21 17:28:45" [1] "./05_prog_d.R" [1] "0.8339183 secs" [1] ":-)" timestart script elapsed comments 1 2025-02-21 17:28:42 ./00_clean.R 0.8027089 secs :-) 2 2025-02-21 17:28:43 ./02_prog_a.R 0.8708239 secs :-) 3 2025-02-21 17:28:44 ./03_prog_b.R 0.8173735 secs :-) 4 2025-02-21 17:28:45 ./04_prog_c.R 0.1720119 secs FAIL 5 2025-02-21 17:28:45 ./05_prog_d.R 0.8339183 secs :-) Current directory: /tmp/RtmpDtY4em/working_dir/Rtmp1NykUR/file32f8739c4b441 ./02_prog_a.R outputfile: logs/02_prog_a [1] "2025-02-21 17:28:46" [1] "./02_prog_a.R" [1] "0.7422719 secs" [1] ":-)" ./03_prog_b.R outputfile: logs/03_prog_b [1] "2025-02-21 17:28:47" [1] "./03_prog_b.R" [1] "0.8216107 secs" [1] ":-)" Current directory: /data/gannet/ripley/R/packages/tests-devel/repana.Rcheck/tests/testthat TEMPORARY directory: /tmp/RtmpDtY4em/working_dir/Rtmp1NykUR/file32f87372f6549a ./00_clean.R ================================================================================ Make new directories for: database reports logs ./02_prog_a.R ================================================================================ I'm in Program A./03_prog_b.R ================================================================================ I'm in program B ./04_prog_c.R ================================================================================ I'm in program C and would fail!!Error: prog_test_c makes and error Execution halted ./05_prog_d.R ================================================================================ Loading required package: DBI I'm in program D timestart script elapsed comments 1 2025-02-21 17:28:48 ./00_clean.R 4.126796 secs :-) 2 2025-02-21 17:28:52 ./02_prog_a.R 0.6565995 secs :-) 3 2025-02-21 17:28:53 ./03_prog_b.R 0.5231483 secs :-) 4 2025-02-21 17:28:53 ./04_prog_c.R 0.6327755 secs FAIL 5 2025-02-21 17:28:54 ./05_prog_d.R 4.262073 secs :-) Current directory: /tmp/RtmpDtY4em/working_dir/Rtmp1NykUR/file32f87372f6549a outputfile: test_report.html /data/gannet/ripley/bin/pandoc +RTS -K512m -RTS test_report.knit.md --to html4 --from markdown+autolink_bare_uris+tex_math_single_backslash --output test_report.html --lua-filter /data/gannet/ripley/R/test-dev/rmarkdown/rmarkdown/lua/pagebreak.lua --lua-filter /data/gannet/ripley/R/test-dev/rmarkdown/rmarkdown/lua/latex-div.lua --lua-filter /data/gannet/ripley/R/test-dev/rmarkdown/rmarkdown/lua/table-classes.lua --embed-resources --standalone --variable bs3=TRUE --section-divs --template /data/gannet/ripley/R/test-dev/rmarkdown/rmd/h/default.html --no-highlight --variable highlightjs=1 --variable theme=bootstrap --mathjax --variable 'mathjax-url=https://mathjax.rstudio.com/latest/MathJax.js?config=TeX-AMS-MML_HTMLorMML' --include-in-header /tmp/RtmpDtY4em/working_dir/Rtmp1NykUR/rmarkdown-str32f8736ccb5c71.html outputfile: test_report.html /data/gannet/ripley/bin/pandoc +RTS -K512m -RTS test_report.knit.md --to html4 --from markdown+autolink_bare_uris+tex_math_single_backslash --output test_report.html --lua-filter /data/gannet/ripley/R/test-dev/rmarkdown/rmarkdown/lua/pagebreak.lua --lua-filter /data/gannet/ripley/R/test-dev/rmarkdown/rmarkdown/lua/latex-div.lua --lua-filter /data/gannet/ripley/R/test-dev/rmarkdown/rmarkdown/lua/table-classes.lua --embed-resources --standalone --variable bs3=TRUE --section-divs --template /data/gannet/ripley/R/test-dev/rmarkdown/rmd/h/default.html --no-highlight --variable highlightjs=1 --variable theme=bootstrap --mathjax --variable 'mathjax-url=https://mathjax.rstudio.com/latest/MathJax.js?config=TeX-AMS-MML_HTMLorMML' --include-in-header /tmp/RtmpDtY4em/working_dir/Rtmp1NykUR/rmarkdown-str32f87317dcba11.html outputfile: borrar.html /data/gannet/ripley/bin/pandoc +RTS -K512m -RTS test_report.knit.md --to html4 --from markdown+autolink_bare_uris+tex_math_single_backslash --output borrar.html --lua-filter /data/gannet/ripley/R/test-dev/rmarkdown/rmarkdown/lua/pagebreak.lua --lua-filter /data/gannet/ripley/R/test-dev/rmarkdown/rmarkdown/lua/latex-div.lua --lua-filter /data/gannet/ripley/R/test-dev/rmarkdown/rmarkdown/lua/table-classes.lua --embed-resources --standalone --variable bs3=TRUE --section-divs --template /data/gannet/ripley/R/test-dev/rmarkdown/rmd/h/default.html --no-highlight --variable highlightjs=1 --variable theme=bootstrap --mathjax --variable 'mathjax-url=https://mathjax.rstudio.com/latest/MathJax.js?config=TeX-AMS-MML_HTMLorMML' --include-in-header /tmp/RtmpDtY4em/working_dir/Rtmp1NykUR/rmarkdown-str32f8734cb54e65.html [ FAIL 5 | WARN 4 | SKIP 0 | PASS 92 ] ══ Failed tests ════════════════════════════════════════════════════════════════ ── Failure ('test_master.R:24:3'): Master works well with pdf ────────────────── file.exists("logs/00_clean.pdf") is not TRUE `actual`: FALSE `expected`: TRUE ── Failure ('test_master.R:25:3'): Master works well with pdf ────────────────── file.exists("logs/02_prog_a.pdf") is not TRUE `actual`: FALSE `expected`: TRUE ── Failure ('test_master.R:26:3'): Master works well with pdf ────────────────── file.exists("logs/03_prog_b.pdf") is not TRUE `actual`: FALSE `expected`: TRUE ── Failure ('test_master.R:28:3'): Master works well with pdf ────────────────── file.exists("logs/05_prog_d.pdf") is not TRUE `actual`: FALSE `expected`: TRUE ── Failure ('test_master.R:32:3'): Master works well with pdf ────────────────── masterfile$comments not equal to c(":-)", ":-)", ":-)", "FAIL", ":-)"). 4/5 mismatches x[1]: "FAIL" y[1]: ":-)" x[2]: "FAIL" y[2]: ":-)" x[3]: "FAIL" y[3]: ":-)" x[5]: "FAIL" y[5]: ":-)" [ FAIL 5 | WARN 4 | SKIP 0 | PASS 92 ] Error: Test failures Execution halted Flavor: r-devel-linux-x86_64-fedora-gcc

Version: 2.2.0
Check: tests
Result: ERROR Running 'spelling.R' [0s] Running 'testthat.R' [51s] Running the tests in 'tests/testthat.R' failed. Complete output: > library(testthat) > library(repana) Loading required package: DBI > > test_check("repana") Current directory: d:/Rcompile/CRANpkg/local/4.4/repana.Rcheck/tests/testthat Current directory: d:/Rcompile/CRANpkg/local/4.4/repana.Rcheck/tests/testthat Error in h(simpleError(msg, call)) : error in evaluating the argument 'value' in selecting a method for function 'dbWriteTable': object 'borrar' not found Current directory: d:/Rcompile/CRANpkg/local/4.4/repana.Rcheck/tests/testthat TEMPORARY directory: D:\temp\2025_02_20_01_50_00_13994\Rtmp8s49Dd\file1ef007e8563c6 ./00_clean.R outputfile: logs/00_clean Error in abs_path(output_file) : The file 'logs/00_clean.pdf' does not exist. [1] "2025-02-20 14:03:19" [1] "./00_clean.R" [1] "8.538054 secs" [1] "FAIL" ./02_prog_a.R outputfile: logs/02_prog_a Error in abs_path(output_file) : The file 'logs/02_prog_a.pdf' does not exist. [1] "2025-02-20 14:03:27" [1] "./02_prog_a.R" [1] "8.144055 secs" [1] "FAIL" ./03_prog_b.R outputfile: logs/03_prog_b Error in abs_path(output_file) : The file 'logs/03_prog_b.pdf' does not exist. [1] "2025-02-20 14:03:36" [1] "./03_prog_b.R" [1] "8.201121 secs" [1] "FAIL" ./04_prog_c.R outputfile: logs/04_prog_c Error in eval(expr, envir) : prog_test_c makes and error [1] "2025-02-20 14:03:44" [1] "./04_prog_c.R" [1] "0.08946705 secs" [1] "FAIL" ./05_prog_d.R outputfile: logs/05_prog_d Error in abs_path(output_file) : The file 'logs/05_prog_d.pdf' does not exist. [1] "2025-02-20 14:03:44" [1] "./05_prog_d.R" [1] "8.299205 secs" [1] "FAIL" timestart script elapsed comments 1 2025-02-20 14:03:19 ./00_clean.R 8.538054 secs FAIL 2 2025-02-20 14:03:27 ./02_prog_a.R 8.144055 secs FAIL 3 2025-02-20 14:03:36 ./03_prog_b.R 8.201121 secs FAIL 4 2025-02-20 14:03:44 ./04_prog_c.R 0.08946705 secs FAIL 5 2025-02-20 14:03:44 ./05_prog_d.R 8.299205 secs FAIL Current directory: D:/temp/2025_02_20_01_50_00_13994/Rtmp8s49Dd/file1ef007e8563c6 TEMPORARY directory: D:\temp\2025_02_20_01_50_00_13994\Rtmp8s49Dd\file1ef003c8b1332 ./00_clean.R outputfile: logs/00_clean [1] "2025-02-20 14:03:52" [1] "./00_clean.R" [1] "0.831039 secs" [1] ":-)" ./02_prog_a.R outputfile: logs/02_prog_a [1] "2025-02-20 14:03:53" [1] "./02_prog_a.R" [1] "0.652864 secs" [1] ":-)" ./03_prog_b.R outputfile: logs/03_prog_b [1] "2025-02-20 14:03:54" [1] "./03_prog_b.R" [1] "0.6377709 secs" [1] ":-)" ./04_prog_c.R outputfile: logs/04_prog_c Error in eval(expr, envir) : prog_test_c makes and error [1] "2025-02-20 14:03:55" [1] "./04_prog_c.R" [1] "0.1277878 secs" [1] "FAIL" ./05_prog_d.R outputfile: logs/05_prog_d [1] "2025-02-20 14:03:55" [1] "./05_prog_d.R" [1] "0.664114 secs" [1] ":-)" timestart script elapsed comments 1 2025-02-20 14:03:52 ./00_clean.R 0.831039 secs :-) 2 2025-02-20 14:03:53 ./02_prog_a.R 0.652864 secs :-) 3 2025-02-20 14:03:54 ./03_prog_b.R 0.6377709 secs :-) 4 2025-02-20 14:03:55 ./04_prog_c.R 0.1277878 secs FAIL 5 2025-02-20 14:03:55 ./05_prog_d.R 0.664114 secs :-) Current directory: D:/temp/2025_02_20_01_50_00_13994/Rtmp8s49Dd/file1ef003c8b1332 ./02_prog_a.R outputfile: logs/02_prog_a [1] "2025-02-20 14:03:55" [1] "./02_prog_a.R" [1] "0.6421111 secs" [1] ":-)" ./03_prog_b.R outputfile: logs/03_prog_b [1] "2025-02-20 14:03:56" [1] "./03_prog_b.R" [1] "0.6425321 secs" [1] ":-)" Current directory: d:/Rcompile/CRANpkg/local/4.4/repana.Rcheck/tests/testthat TEMPORARY directory: D:\temp\2025_02_20_01_50_00_13994\Rtmp8s49Dd\file1ef00150460d1 ./00_clean.R ================================================================================ Make new directories for: database reports logs ./02_prog_a.R ================================================================================ I'm in Program A./03_prog_b.R ================================================================================ I'm in program B ./04_prog_c.R ================================================================================ I'm in program C and would fail!!Error: prog_test_c makes and error Execution halted ./05_prog_d.R ================================================================================ Loading required package: DBI Loading required package: methods I'm in program D timestart script elapsed comments 1 2025-02-20 14:03:57 ./00_clean.R 1.701487 secs :-) 2 2025-02-20 14:03:59 ./02_prog_a.R 0.240736 secs :-) 3 2025-02-20 14:03:59 ./03_prog_b.R 0.2339261 secs :-) 4 2025-02-20 14:03:59 ./04_prog_c.R 0.2314439 secs FAIL 5 2025-02-20 14:03:59 ./05_prog_d.R 1.961745 secs :-) Current directory: D:/temp/2025_02_20_01_50_00_13994/Rtmp8s49Dd/file1ef00150460d1 outputfile: test_report.html "C:/PROGRA~1/Pandoc/pandoc" +RTS -K512m -RTS test_report.knit.md --to html4 --from markdown+autolink_bare_uris+tex_math_single_backslash --output test_report.html --lua-filter "D:\RCompile\CRANpkg\lib\4.4\rmarkdown\rmarkdown\lua\pagebreak.lua" --lua-filter "D:\RCompile\CRANpkg\lib\4.4\rmarkdown\rmarkdown\lua\latex-div.lua" --embed-resources --standalone --variable bs3=TRUE --section-divs --template "D:\RCompile\CRANpkg\lib\4.4\rmarkdown\rmd\h\default.html" --no-highlight --variable highlightjs=1 --variable theme=bootstrap --mathjax --variable "mathjax-url=https://mathjax.rstudio.com/latest/MathJax.js?config=TeX-AMS-MML_HTMLorMML" --include-in-header "D:\temp\2025_02_20_01_50_00_13994\Rtmp8s49Dd\rmarkdown-str1ef0052ff4ca7.html" outputfile: test_report.html "C:/PROGRA~1/Pandoc/pandoc" +RTS -K512m -RTS test_report.knit.md --to html4 --from markdown+autolink_bare_uris+tex_math_single_backslash --output test_report.html --lua-filter "D:\RCompile\CRANpkg\lib\4.4\rmarkdown\rmarkdown\lua\pagebreak.lua" --lua-filter "D:\RCompile\CRANpkg\lib\4.4\rmarkdown\rmarkdown\lua\latex-div.lua" --embed-resources --standalone --variable bs3=TRUE --section-divs --template "D:\RCompile\CRANpkg\lib\4.4\rmarkdown\rmd\h\default.html" --no-highlight --variable highlightjs=1 --variable theme=bootstrap --mathjax --variable "mathjax-url=https://mathjax.rstudio.com/latest/MathJax.js?config=TeX-AMS-MML_HTMLorMML" --include-in-header "D:\temp\2025_02_20_01_50_00_13994\Rtmp8s49Dd\rmarkdown-str1ef004062659d.html" outputfile: borrar.html "C:/PROGRA~1/Pandoc/pandoc" +RTS -K512m -RTS test_report.knit.md --to html4 --from markdown+autolink_bare_uris+tex_math_single_backslash --output borrar.html --lua-filter "D:\RCompile\CRANpkg\lib\4.4\rmarkdown\rmarkdown\lua\pagebreak.lua" --lua-filter "D:\RCompile\CRANpkg\lib\4.4\rmarkdown\rmarkdown\lua\latex-div.lua" --embed-resources --standalone --variable bs3=TRUE --section-divs --template "D:\RCompile\CRANpkg\lib\4.4\rmarkdown\rmd\h\default.html" --no-highlight --variable highlightjs=1 --variable theme=bootstrap --mathjax --variable "mathjax-url=https://mathjax.rstudio.com/latest/MathJax.js?config=TeX-AMS-MML_HTMLorMML" --include-in-header "D:\temp\2025_02_20_01_50_00_13994\Rtmp8s49Dd\rmarkdown-str1ef00133734b1.html" [ FAIL 5 | WARN 4 | SKIP 0 | PASS 92 ] ══ Failed tests ════════════════════════════════════════════════════════════════ ── Failure ('test_master.R:24:3'): Master works well with pdf ────────────────── file.exists("logs/00_clean.pdf") is not TRUE `actual`: FALSE `expected`: TRUE ── Failure ('test_master.R:25:3'): Master works well with pdf ────────────────── file.exists("logs/02_prog_a.pdf") is not TRUE `actual`: FALSE `expected`: TRUE ── Failure ('test_master.R:26:3'): Master works well with pdf ────────────────── file.exists("logs/03_prog_b.pdf") is not TRUE `actual`: FALSE `expected`: TRUE ── Failure ('test_master.R:28:3'): Master works well with pdf ────────────────── file.exists("logs/05_prog_d.pdf") is not TRUE `actual`: FALSE `expected`: TRUE ── Failure ('test_master.R:32:3'): Master works well with pdf ────────────────── masterfile$comments not equal to c(":-)", ":-)", ":-)", "FAIL", ":-)"). 4/5 mismatches x[1]: "FAIL" y[1]: ":-)" x[2]: "FAIL" y[2]: ":-)" x[3]: "FAIL" y[3]: ":-)" x[5]: "FAIL" y[5]: ":-)" [ FAIL 5 | WARN 4 | SKIP 0 | PASS 92 ] Error: Test failures Execution halted Flavor: r-release-windows-x86_64

Version: 2.2.0
Check: tests
Result: ERROR Running 'spelling.R' [0s] Running 'testthat.R' [50s] Running the tests in 'tests/testthat.R' failed. Complete output: > library(testthat) > library(repana) Loading required package: DBI > > test_check("repana") Current directory: d:/Rcompile/CRANpkg/local/4.3/repana.Rcheck/tests/testthat Current directory: d:/Rcompile/CRANpkg/local/4.3/repana.Rcheck/tests/testthat Error in h(simpleError(msg, call)) : error in evaluating the argument 'value' in selecting a method for function 'dbWriteTable': object 'borrar' not found Current directory: d:/Rcompile/CRANpkg/local/4.3/repana.Rcheck/tests/testthat TEMPORARY directory: D:\temp\2025_02_21_01_50_00_1228\RtmpWGhE5L\file1408c60af64b6 ./00_clean.R outputfile: logs/00_clean Error in abs_path(output_file) : The file 'logs/00_clean.pdf' does not exist. [1] "2025-02-21 08:21:45" [1] "./00_clean.R" [1] "7.405815 secs" [1] "FAIL" ./02_prog_a.R outputfile: logs/02_prog_a Error in abs_path(output_file) : The file 'logs/02_prog_a.pdf' does not exist. [1] "2025-02-21 08:21:53" [1] "./02_prog_a.R" [1] "7.328144 secs" [1] "FAIL" ./03_prog_b.R outputfile: logs/03_prog_b Error in abs_path(output_file) : The file 'logs/03_prog_b.pdf' does not exist. [1] "2025-02-21 08:22:00" [1] "./03_prog_b.R" [1] "7.280881 secs" [1] "FAIL" ./04_prog_c.R outputfile: logs/04_prog_c Error in eval(expr, envir) : prog_test_c makes and error [1] "2025-02-21 08:22:07" [1] "./04_prog_c.R" [1] "0.09395599 secs" [1] "FAIL" ./05_prog_d.R outputfile: logs/05_prog_d Error in abs_path(output_file) : The file 'logs/05_prog_d.pdf' does not exist. [1] "2025-02-21 08:22:07" [1] "./05_prog_d.R" [1] "7.199633 secs" [1] "FAIL" timestart script elapsed comments 1 2025-02-21 08:21:45 ./00_clean.R 7.405815 secs FAIL 2 2025-02-21 08:21:53 ./02_prog_a.R 7.328144 secs FAIL 3 2025-02-21 08:22:00 ./03_prog_b.R 7.280881 secs FAIL 4 2025-02-21 08:22:07 ./04_prog_c.R 0.09395599 secs FAIL 5 2025-02-21 08:22:07 ./05_prog_d.R 7.199633 secs FAIL Current directory: D:/temp/2025_02_21_01_50_00_1228/RtmpWGhE5L/file1408c60af64b6 TEMPORARY directory: D:\temp\2025_02_21_01_50_00_1228\RtmpWGhE5L\file1408c2d7520e ./00_clean.R outputfile: logs/00_clean [1] "2025-02-21 08:22:15" [1] "./00_clean.R" [1] "0.8775189 secs" [1] ":-)" ./02_prog_a.R outputfile: logs/02_prog_a [1] "2025-02-21 08:22:16" [1] "./02_prog_a.R" [1] "0.798332 secs" [1] ":-)" ./03_prog_b.R outputfile: logs/03_prog_b [1] "2025-02-21 08:22:16" [1] "./03_prog_b.R" [1] "1.289047 secs" [1] ":-)" ./04_prog_c.R outputfile: logs/04_prog_c Error in eval(expr, envir) : prog_test_c makes and error [1] "2025-02-21 08:22:18" [1] "./04_prog_c.R" [1] "0.1194839 secs" [1] "FAIL" ./05_prog_d.R outputfile: logs/05_prog_d [1] "2025-02-21 08:22:18" [1] "./05_prog_d.R" [1] "0.805007 secs" [1] ":-)" timestart script elapsed comments 1 2025-02-21 08:22:15 ./00_clean.R 0.8775189 secs :-) 2 2025-02-21 08:22:16 ./02_prog_a.R 0.798332 secs :-) 3 2025-02-21 08:22:16 ./03_prog_b.R 1.289047 secs :-) 4 2025-02-21 08:22:18 ./04_prog_c.R 0.1194839 secs FAIL 5 2025-02-21 08:22:18 ./05_prog_d.R 0.805007 secs :-) Current directory: D:/temp/2025_02_21_01_50_00_1228/RtmpWGhE5L/file1408c2d7520e ./02_prog_a.R outputfile: logs/02_prog_a [1] "2025-02-21 08:22:19" [1] "./02_prog_a.R" [1] "0.7709739 secs" [1] ":-)" ./03_prog_b.R outputfile: logs/03_prog_b [1] "2025-02-21 08:22:20" [1] "./03_prog_b.R" [1] "0.862314 secs" [1] ":-)" Current directory: d:/Rcompile/CRANpkg/local/4.3/repana.Rcheck/tests/testthat TEMPORARY directory: D:\temp\2025_02_21_01_50_00_1228\RtmpWGhE5L\file1408cffc41cf ./00_clean.R ================================================================================ Make new directories for: database reports logs ./02_prog_a.R ================================================================================ I'm in Program A./03_prog_b.R ================================================================================ I'm in program B ./04_prog_c.R ================================================================================ I'm in program C and would fail!!Error: prog_test_c makes and error Execution halted ./05_prog_d.R ================================================================================ Loading required package: DBI Loading required package: methods I'm in program D timestart script elapsed comments 1 2025-02-21 08:22:21 ./00_clean.R 1.974611 secs :-) 2 2025-02-21 08:22:23 ./02_prog_a.R 0.2513549 secs :-) 3 2025-02-21 08:22:23 ./03_prog_b.R 0.295908 secs :-) 4 2025-02-21 08:22:23 ./04_prog_c.R 0.2564209 secs FAIL 5 2025-02-21 08:22:23 ./05_prog_d.R 2.457137 secs :-) Current directory: D:/temp/2025_02_21_01_50_00_1228/RtmpWGhE5L/file1408cffc41cf outputfile: test_report.html "C:/PROGRA~1/Pandoc/pandoc" +RTS -K512m -RTS test_report.knit.md --to html4 --from markdown+autolink_bare_uris+tex_math_single_backslash --output test_report.html --lua-filter "D:\RCompile\CRANpkg\lib\4.3\rmarkdown\rmarkdown\lua\pagebreak.lua" --lua-filter "D:\RCompile\CRANpkg\lib\4.3\rmarkdown\rmarkdown\lua\latex-div.lua" --self-contained --variable bs3=TRUE --section-divs --template "D:\RCompile\CRANpkg\lib\4.3\rmarkdown\rmd\h\default.html" --no-highlight --variable highlightjs=1 --variable theme=bootstrap --mathjax --variable "mathjax-url=https://mathjax.rstudio.com/latest/MathJax.js?config=TeX-AMS-MML_HTMLorMML" --include-in-header "D:\temp\2025_02_21_01_50_00_1228\RtmpWGhE5L\rmarkdown-str1408c59f147b2.html" outputfile: test_report.html "C:/PROGRA~1/Pandoc/pandoc" +RTS -K512m -RTS test_report.knit.md --to html4 --from markdown+autolink_bare_uris+tex_math_single_backslash --output test_report.html --lua-filter "D:\RCompile\CRANpkg\lib\4.3\rmarkdown\rmarkdown\lua\pagebreak.lua" --lua-filter "D:\RCompile\CRANpkg\lib\4.3\rmarkdown\rmarkdown\lua\latex-div.lua" --self-contained --variable bs3=TRUE --section-divs --template "D:\RCompile\CRANpkg\lib\4.3\rmarkdown\rmd\h\default.html" --no-highlight --variable highlightjs=1 --variable theme=bootstrap --mathjax --variable "mathjax-url=https://mathjax.rstudio.com/latest/MathJax.js?config=TeX-AMS-MML_HTMLorMML" --include-in-header "D:\temp\2025_02_21_01_50_00_1228\RtmpWGhE5L\rmarkdown-str1408c3bd7f04.html" outputfile: borrar.html "C:/PROGRA~1/Pandoc/pandoc" +RTS -K512m -RTS test_report.knit.md --to html4 --from markdown+autolink_bare_uris+tex_math_single_backslash --output borrar.html --lua-filter "D:\RCompile\CRANpkg\lib\4.3\rmarkdown\rmarkdown\lua\pagebreak.lua" --lua-filter "D:\RCompile\CRANpkg\lib\4.3\rmarkdown\rmarkdown\lua\latex-div.lua" --self-contained --variable bs3=TRUE --section-divs --template "D:\RCompile\CRANpkg\lib\4.3\rmarkdown\rmd\h\default.html" --no-highlight --variable highlightjs=1 --variable theme=bootstrap --mathjax --variable "mathjax-url=https://mathjax.rstudio.com/latest/MathJax.js?config=TeX-AMS-MML_HTMLorMML" --include-in-header "D:\temp\2025_02_21_01_50_00_1228\RtmpWGhE5L\rmarkdown-str1408c79c764fe.html" [ FAIL 5 | WARN 4 | SKIP 0 | PASS 92 ] ══ Failed tests ════════════════════════════════════════════════════════════════ ── Failure ('test_master.R:24:3'): Master works well with pdf ────────────────── file.exists("logs/00_clean.pdf") is not TRUE `actual`: FALSE `expected`: TRUE ── Failure ('test_master.R:25:3'): Master works well with pdf ────────────────── file.exists("logs/02_prog_a.pdf") is not TRUE `actual`: FALSE `expected`: TRUE ── Failure ('test_master.R:26:3'): Master works well with pdf ────────────────── file.exists("logs/03_prog_b.pdf") is not TRUE `actual`: FALSE `expected`: TRUE ── Failure ('test_master.R:28:3'): Master works well with pdf ────────────────── file.exists("logs/05_prog_d.pdf") is not TRUE `actual`: FALSE `expected`: TRUE ── Failure ('test_master.R:32:3'): Master works well with pdf ────────────────── masterfile$comments not equal to c(":-)", ":-)", ":-)", "FAIL", ":-)"). 4/5 mismatches x[1]: "FAIL" y[1]: ":-)" x[2]: "FAIL" y[2]: ":-)" x[3]: "FAIL" y[3]: ":-)" x[5]: "FAIL" y[5]: ":-)" [ FAIL 5 | WARN 4 | SKIP 0 | PASS 92 ] Error: Test failures Execution halted Flavor: r-oldrel-windows-x86_64