Last updated on 2025-02-22 00:49:57 CET.
Flavor | Version | Tinstall | Tcheck | Ttotal | Status | Flags |
---|---|---|---|---|---|---|
r-devel-linux-x86_64-debian-clang | 1.0.2 | 15.51 | 165.68 | 181.19 | OK | |
r-devel-linux-x86_64-debian-gcc | 1.0.2 | 11.05 | 111.33 | 122.38 | OK | |
r-devel-linux-x86_64-fedora-clang | 1.0.2 | 283.33 | OK | |||
r-devel-linux-x86_64-fedora-gcc | 1.0.2 | 285.85 | OK | |||
r-devel-macos-arm64 | 1.0.2 | 80.00 | OK | |||
r-devel-macos-x86_64 | 1.0.2 | 162.00 | OK | |||
r-devel-windows-x86_64 | 1.0.2 | 17.00 | 160.00 | 177.00 | OK | |
r-patched-linux-x86_64 | 1.0.2 | 16.79 | 152.80 | 169.59 | OK | |
r-release-linux-x86_64 | 1.0.2 | 14.07 | 151.24 | 165.31 | OK | |
r-release-macos-arm64 | 1.0.2 | 73.00 | OK | |||
r-release-macos-x86_64 | 1.0.2 | 124.00 | OK | |||
r-release-windows-x86_64 | 1.0.2 | 17.00 | 155.00 | 172.00 | OK | |
r-oldrel-macos-arm64 | 1.0.2 | 89.00 | OK | |||
r-oldrel-macos-x86_64 | 1.0.2 | 129.00 | NOTE | |||
r-oldrel-windows-x86_64 | 1.0.2 | 22.00 | 186.00 | 208.00 | OK |
Version: 1.0.2
Check: package dependencies
Result: NOTE
Package suggested but not available for checking: ‘ggpubr’
Flavor: r-oldrel-macos-x86_64