Last updated on 2025-10-31 00:51:13 CET.
| Flavor | Version | Tinstall | Tcheck | Ttotal | Status | Flags | 
|---|---|---|---|---|---|---|
| r-devel-linux-x86_64-debian-clang | 2.1 | 5.19 | 50.48 | 55.67 | NOTE | |
| r-devel-linux-x86_64-debian-gcc | 2.1 | 3.49 | 38.01 | 41.50 | NOTE | |
| r-devel-linux-x86_64-fedora-clang | 2.1 | 11.00 | 72.82 | 83.82 | OK | |
| r-devel-linux-x86_64-fedora-gcc | 2.1 | 13.00 | 81.48 | 94.48 | OK | |
| r-devel-windows-x86_64 | 2.1 | 5.00 | 79.00 | 84.00 | OK | |
| r-patched-linux-x86_64 | 2.1 | 6.12 | 48.05 | 54.17 | OK | |
| r-release-linux-x86_64 | 2.1 | 4.90 | 48.15 | 53.05 | OK | |
| r-release-macos-arm64 | 2.1 | 2.00 | 28.00 | 30.00 | OK | |
| r-release-macos-x86_64 | 2.1 | 3.00 | 57.00 | 60.00 | OK | |
| r-release-windows-x86_64 | 2.1 | 8.00 | 84.00 | 92.00 | OK | |
| r-oldrel-macos-arm64 | 2.1 | 2.00 | 26.00 | 28.00 | OK | |
| r-oldrel-macos-x86_64 | 2.1 | 6.00 | 85.00 | 91.00 | OK | |
| r-oldrel-windows-x86_64 | 2.1 | 9.00 | 97.00 | 106.00 | OK | 
Version: 2.1
Check: CRAN incoming feasibility
Result: NOTE
  Maintainer: ‘Werner A. Stahel <stahel@stat.math.ethz.ch>’
  
  No Authors@R field in DESCRIPTION.
  Please add one, modifying
    Authors@R: person(given = c("Werner", "A."),
                      family = "Stahel",
                      role = c("aut", "cre"),
                      email = "stahel@stat.math.ethz.ch")
  as necessary.
Flavors: r-devel-linux-x86_64-debian-clang, r-devel-linux-x86_64-debian-gcc