Last updated on 2024-06-15 01:51:20 CEST.
Flavor | Version | Tinstall | Tcheck | Ttotal | Status | Flags |
---|---|---|---|---|---|---|
r-devel-linux-x86_64-debian-clang | 1.2-7 | 10.38 | 75.16 | 85.54 | OK | |
r-devel-linux-x86_64-debian-gcc | 1.2-7 | 7.02 | 56.39 | 63.41 | OK | |
r-devel-linux-x86_64-fedora-clang | 1.2-7 | 100.86 | NOTE | |||
r-devel-linux-x86_64-fedora-gcc | 1.2-7 | 95.47 | OK | |||
r-devel-windows-x86_64 | 1.2-7 | 12.00 | 74.00 | 86.00 | OK | |
r-patched-linux-x86_64 | 1.2-7 | 10.17 | 74.11 | 84.28 | OK | |
r-release-linux-x86_64 | 1.2-7 | 9.78 | 73.02 | 82.80 | OK | |
r-release-macos-arm64 | 1.2-7 | 35.00 | OK | |||
r-release-macos-x86_64 | 1.2-7 | 61.00 | OK | |||
r-release-windows-x86_64 | 1.2-7 | 13.00 | 72.00 | 85.00 | OK | |
r-oldrel-macos-arm64 | 1.2-7 | 38.00 | OK | |||
r-oldrel-macos-x86_64 | 1.2-7 | 86.00 | OK | |||
r-oldrel-windows-x86_64 | 1.2-7 | 16.00 | 84.00 | 100.00 | OK |
Version: 1.2-7
Check: Rd cross-references
Result: NOTE
Undeclared package ‘monomvn’ in Rd xrefs
Flavor: r-devel-linux-x86_64-fedora-clang