CRAN Package Check Results for Package regexSelect

Last updated on 2025-02-22 00:49:57 CET.

Flavor Version Tinstall Tcheck Ttotal Status Flags
r-devel-linux-x86_64-debian-clang 1.0.0 3.59 29.31 32.90 OK
r-devel-linux-x86_64-debian-gcc 1.0.0 2.35 22.80 25.15 OK
r-devel-linux-x86_64-fedora-clang 1.0.0 51.06 OK
r-devel-linux-x86_64-fedora-gcc 1.0.0 48.96 OK
r-devel-macos-arm64 1.0.0 21.00 OK
r-devel-macos-x86_64 1.0.0 33.00 OK
r-devel-windows-x86_64 1.0.0 5.00 55.00 60.00 OK
r-patched-linux-x86_64 1.0.0 3.45 27.71 31.16 NOTE
r-release-linux-x86_64 1.0.0 2.85 27.90 30.75 NOTE
r-release-macos-arm64 1.0.0 20.00 NOTE
r-release-macos-x86_64 1.0.0 33.00 NOTE
r-release-windows-x86_64 1.0.0 5.00 55.00 60.00 NOTE
r-oldrel-macos-arm64 1.0.0 22.00 NOTE
r-oldrel-macos-x86_64 1.0.0 28.00 NOTE
r-oldrel-windows-x86_64 1.0.0 6.00 57.00 63.00 NOTE

Check Details

Version: 1.0.0
Check: LazyData
Result: NOTE 'LazyData' is specified without a 'data' directory Flavors: r-patched-linux-x86_64, r-release-linux-x86_64, r-release-macos-arm64, r-release-macos-x86_64, r-release-windows-x86_64, r-oldrel-macos-arm64, r-oldrel-macos-x86_64, r-oldrel-windows-x86_64