CRAN Package Check Results for Package refset

Last updated on 2025-10-05 02:49:33 CEST.

Flavor Version Tinstall Tcheck Ttotal Status Flags
r-devel-linux-x86_64-debian-clang 0.1.1 1.69 27.17 28.86 NOTE
r-devel-linux-x86_64-debian-gcc 0.1.1 1.39 21.91 23.30 NOTE
r-devel-linux-x86_64-fedora-clang 0.1.1 42.61 OK
r-devel-linux-x86_64-fedora-gcc 0.1.1 56.73 OK
r-devel-windows-x86_64 0.1.1 3.00 47.00 50.00 OK
r-patched-linux-x86_64 0.1.1 1.76 24.33 26.09 OK
r-release-linux-x86_64 0.1.1 1.48 24.90 26.38 OK
r-release-macos-arm64 0.1.1 30.00 OK
r-release-macos-x86_64 0.1.1 50.00 OK
r-release-windows-x86_64 0.1.1 4.00 47.00 51.00 OK
r-oldrel-macos-arm64 0.1.1 22.00 OK
r-oldrel-macos-x86_64 0.1.1 36.00 OK
r-oldrel-windows-x86_64 0.1.1 4.00 52.00 56.00 OK

Check Details

Version: 0.1.1
Check: CRAN incoming feasibility
Result: NOTE Maintainer: ‘"David Hugh-Jones" <davidhughjones@gmail.com>’ No Authors@R field in DESCRIPTION. Please add one, modifying Authors@R: person(given = "\"David", family = "Hugh-Jones\"", role = c("aut", "cre"), email = "davidhughjones@gmail.com") as necessary. Flavors: r-devel-linux-x86_64-debian-clang, r-devel-linux-x86_64-debian-gcc