Last updated on 2025-10-31 00:51:13 CET.
| Flavor | Version | Tinstall | Tcheck | Ttotal | Status | Flags | 
|---|---|---|---|---|---|---|
| r-devel-linux-x86_64-debian-clang | 0.5.1 | 37.40 | 52.30 | 89.70 | NOTE | |
| r-devel-linux-x86_64-debian-gcc | 0.5.1 | 28.87 | 40.04 | 68.91 | NOTE | |
| r-devel-linux-x86_64-fedora-clang | 0.5.1 | 77.00 | 74.36 | 151.36 | OK | |
| r-devel-linux-x86_64-fedora-gcc | 0.5.1 | 50.00 | 116.80 | 166.80 | OK | |
| r-devel-windows-x86_64 | 0.5.1 | 42.00 | 85.00 | 127.00 | OK | |
| r-patched-linux-x86_64 | 0.5.1 | 41.09 | 48.57 | 89.66 | OK | |
| r-release-linux-x86_64 | 0.5.1 | 40.91 | 48.72 | 89.63 | OK | |
| r-release-macos-arm64 | 0.5.1 | 16.00 | 43.00 | 59.00 | OK | |
| r-release-macos-x86_64 | 0.5.1 | 21.00 | 52.00 | 73.00 | OK | |
| r-release-windows-x86_64 | 0.5.1 | 45.00 | 86.00 | 131.00 | OK | |
| r-oldrel-macos-arm64 | 0.5.1 | 16.00 | 28.00 | 44.00 | OK | |
| r-oldrel-macos-x86_64 | 0.5.1 | 14.00 | 42.00 | 56.00 | OK | |
| r-oldrel-windows-x86_64 | 0.5.1 | 52.00 | 104.00 | 156.00 | OK | 
Version: 0.5.1
Check: CRAN incoming feasibility
Result: NOTE
  Maintainer: ‘Yixuan Qiu <yixuan.qiu@cos.name>’
  
  No Authors@R field in DESCRIPTION.
  Please add one, modifying
    Authors@R: c(person(given = "Yixuan",
                        family = "Qiu",
                        role = c("aut", "cre"),
                        email = "yixuan.qiu@cos.name"),
                 person(given = "David",
                        family = "Cortes",
                        role = "aut"),
                 person(given = "Chih-Jen",
                        family = "Lin",
                        role = "aut"),
                 person(given = "Yu-Chin",
                        family = "Juan",
                        role = "aut"),
                 person(given = "Wei-Sheng",
                        family = "Chin",
                        role = "aut"),
                 person(given = "Yong",
                        family = "Zhuang",
                        role = "aut"),
                 person(given = "Bo-Wen",
                        family = "Yuan",
                        role = "aut"),
                 person(given = "Meng-Yuan",
                        family = "Yang",
                        role = "aut"),
                 person(given = c("other", "contributors.", "See", "file", "AUTHORS", "for"),
                        family = "details.",
                        role = "aut"))
  as necessary.
Flavors: r-devel-linux-x86_64-debian-clang, r-devel-linux-x86_64-debian-gcc