Last updated on 2025-10-31 00:51:13 CET.
| Flavor | Version | Tinstall | Tcheck | Ttotal | Status | Flags | 
|---|---|---|---|---|---|---|
| r-devel-linux-x86_64-debian-clang | 2.1.5 | 60.20 | 106.60 | 166.80 | NOTE | |
| r-devel-linux-x86_64-debian-gcc | 2.1.5 | 43.65 | 77.49 | 121.14 | NOTE | |
| r-devel-linux-x86_64-fedora-clang | 2.1.5 | 110.00 | 167.44 | 277.44 | NOTE | |
| r-devel-linux-x86_64-fedora-gcc | 2.1.5 | 122.00 | 158.57 | 280.57 | NOTE | |
| r-devel-windows-x86_64 | 2.1.5 | 80.00 | 153.00 | 233.00 | NOTE | |
| r-patched-linux-x86_64 | 2.1.5 | 62.95 | 96.71 | 159.66 | NOTE | |
| r-release-linux-x86_64 | 2.1.5 | 60.77 | 96.58 | 157.35 | NOTE | |
| r-release-macos-arm64 | 2.1.5 | 24.00 | 54.00 | 78.00 | NOTE | |
| r-release-macos-x86_64 | 2.1.5 | 25.00 | 107.00 | 132.00 | NOTE | |
| r-release-windows-x86_64 | 2.1.5 | 83.00 | 153.00 | 236.00 | NOTE | |
| r-oldrel-macos-arm64 | 2.1.5 | 22.00 | 53.00 | 75.00 | NOTE | |
| r-oldrel-macos-x86_64 | 2.1.5 | 21.00 | 89.00 | 110.00 | NOTE | |
| r-oldrel-windows-x86_64 | 2.1.5 | 98.00 | 184.00 | 282.00 | OK | 
Version: 2.1.5
Check: Rd cross-references
Result: NOTE
  Found the following Rd file(s) with Rd \link{} targets missing package
  anchors:
    melt_delim.Rd: tibble
    read_delim.Rd: tibble
  Please provide package anchors for all Rd \link{} targets not in the
  package itself and the base packages.
Flavors: r-devel-linux-x86_64-debian-clang, r-devel-linux-x86_64-debian-gcc, r-devel-windows-x86_64, r-patched-linux-x86_64, r-release-linux-x86_64, r-release-windows-x86_64
Version: 2.1.5
Check: compiled code
Result: NOTE
  File ‘readr/libs/readr.so’:
    Found non-API calls to R: ‘SETLENGTH’, ‘SET_GROWABLE_BIT’,
      ‘SET_TRUELENGTH’
  
  Compiled code should not call non-API entry points in R.
  
  See ‘Writing portable packages’ in the ‘Writing R Extensions’ manual,
  and section ‘Moving into C API compliance’ for issues with the use of
  non-API entry points.
Flavors: r-devel-linux-x86_64-debian-clang, r-devel-linux-x86_64-debian-gcc, r-devel-linux-x86_64-fedora-clang, r-devel-linux-x86_64-fedora-gcc, r-patched-linux-x86_64, r-release-linux-x86_64, r-release-macos-arm64, r-release-macos-x86_64
Version: 2.1.5
Check: compiled code
Result: NOTE
  File 'readr/libs/x64/readr.dll':
    Found non-API calls to R: 'SETLENGTH', 'SET_GROWABLE_BIT',
      'SET_TRUELENGTH'
  
  Compiled code should not call non-API entry points in R.
  
  See 'Writing portable packages' in the 'Writing R Extensions' manual,
  and section 'Moving into C API compliance' for issues with the use of
  non-API entry points.
Flavors: r-devel-windows-x86_64, r-release-windows-x86_64
Version: 2.1.5
Check: installed package size
Result: NOTE
    installed size is  5.4Mb
    sub-directories of 1Mb or more:
      libs   4.5Mb
Flavors: r-oldrel-macos-arm64, r-oldrel-macos-x86_64