Last updated on 2025-10-31 00:51:13 CET.
| Flavor | Version | Tinstall | Tcheck | Ttotal | Status | Flags | 
|---|---|---|---|---|---|---|
| r-devel-linux-x86_64-debian-clang | 0.1-5 | 3.52 | 31.55 | 35.07 | NOTE | |
| r-devel-linux-x86_64-debian-gcc | 0.1-5 | 2.29 | 24.93 | 27.22 | NOTE | |
| r-devel-linux-x86_64-fedora-clang | 0.1-5 | 53.41 | OK | |||
| r-devel-linux-x86_64-fedora-gcc | 0.1-5 | 65.90 | OK | |||
| r-devel-windows-x86_64 | 0.1-5 | 5.00 | 50.00 | 55.00 | OK | |
| r-patched-linux-x86_64 | 0.1-5 | 3.17 | 30.32 | 33.49 | OK | |
| r-release-linux-x86_64 | 0.1-5 | 3.22 | 30.21 | 33.43 | OK | |
| r-release-macos-arm64 | 0.1-5 | 1.00 | 24.00 | 25.00 | OK | |
| r-release-macos-x86_64 | 0.1-5 | 3.00 | 38.00 | 41.00 | OK | |
| r-release-windows-x86_64 | 0.1-5 | 5.00 | 51.00 | 56.00 | OK | |
| r-oldrel-macos-arm64 | 0.1-5 | 1.00 | 22.00 | 23.00 | OK | |
| r-oldrel-macos-x86_64 | 0.1-5 | 2.00 | 32.00 | 34.00 | OK | |
| r-oldrel-windows-x86_64 | 0.1-5 | 7.00 | 57.00 | 64.00 | OK | 
Version: 0.1-5
Check: CRAN incoming feasibility
Result: NOTE
  Maintainer: ‘Christian Graul <christian.graul@gmail.com>’
  
  No Authors@R field in DESCRIPTION.
  Please add one, modifying
    Authors@R: person(given = "Christian",
                      family = "Graul",
                      role = c("aut", "cre"),
                      email = "christian.graul@gmail.com")
  as necessary.
  
  Package CITATION file contains call(s) to old-style citEntry().  Please
  use bibentry() instead.
Flavors: r-devel-linux-x86_64-debian-clang, r-devel-linux-x86_64-debian-gcc