Last updated on 2025-10-31 00:51:13 CET.
| Flavor | Version | Tinstall | Tcheck | Ttotal | Status | Flags | 
|---|---|---|---|---|---|---|
| r-devel-linux-x86_64-debian-clang | 0.1.0 | 1.92 | 27.96 | 29.88 | OK | |
| r-devel-linux-x86_64-debian-gcc | 0.1.0 | 1.39 | 22.18 | 23.57 | OK | |
| r-devel-linux-x86_64-fedora-clang | 0.1.0 | 45.87 | OK | |||
| r-devel-linux-x86_64-fedora-gcc | 0.1.0 | 58.65 | OK | |||
| r-devel-windows-x86_64 | 0.1.0 | 2.00 | 46.00 | 48.00 | OK | |
| r-patched-linux-x86_64 | 0.1.0 | 1.95 | 26.84 | 28.79 | OK | |
| r-release-linux-x86_64 | 0.1.0 | 1.59 | 26.75 | 28.34 | OK | |
| r-release-macos-arm64 | 0.1.0 | 1.00 | 21.00 | 22.00 | OK | |
| r-release-macos-x86_64 | 0.1.0 | 2.00 | 34.00 | 36.00 | OK | |
| r-release-windows-x86_64 | 0.1.0 | 4.00 | 48.00 | 52.00 | OK | |
| r-oldrel-macos-arm64 | 0.1.0 | 1.00 | 21.00 | 22.00 | NOTE | |
| r-oldrel-macos-x86_64 | 0.1.0 | 1.00 | 30.00 | 31.00 | NOTE | |
| r-oldrel-windows-x86_64 | 0.1.0 | 4.00 | 53.00 | 57.00 | NOTE | 
Version: 0.1.0
Check: LazyData
Result: NOTE
    'LazyData' is specified without a 'data' directory
Flavors: r-oldrel-macos-arm64, r-oldrel-macos-x86_64, r-oldrel-windows-x86_64