Last updated on 2025-10-31 00:51:13 CET.
| Flavor | Version | Tinstall | Tcheck | Ttotal | Status | Flags | 
|---|---|---|---|---|---|---|
| r-devel-linux-x86_64-debian-clang | 2.0.1 | 3.62 | 23.32 | 26.94 | NOTE | |
| r-devel-linux-x86_64-debian-gcc | 2.0.1 | 2.99 | 19.65 | 22.64 | NOTE | |
| r-devel-linux-x86_64-fedora-clang | 2.0.1 | 39.75 | OK | |||
| r-devel-linux-x86_64-fedora-gcc | 2.0.1 | 37.28 | OK | |||
| r-devel-windows-x86_64 | 2.0.1 | 6.00 | 41.00 | 47.00 | OK | |
| r-patched-linux-x86_64 | 2.0.1 | 3.82 | 22.14 | 25.96 | OK | |
| r-release-linux-x86_64 | 2.0.1 | 3.52 | 22.18 | 25.70 | OK | |
| r-release-macos-arm64 | 2.0.1 | 2.00 | 16.00 | 18.00 | OK | |
| r-release-macos-x86_64 | 2.0.1 | 3.00 | 26.00 | 29.00 | OK | |
| r-release-windows-x86_64 | 2.0.1 | 8.00 | 50.00 | 58.00 | OK | |
| r-oldrel-macos-arm64 | 2.0.1 | 2.00 | 27.00 | 29.00 | NOTE | |
| r-oldrel-macos-x86_64 | 2.0.1 | 6.00 | 37.00 | 43.00 | NOTE | |
| r-oldrel-windows-x86_64 | 2.0.1 | 10.00 | 50.00 | 60.00 | NOTE | 
Version: 2.0.1
Check: CRAN incoming feasibility
Result: NOTE
  Maintainer: ‘Gábor Csárdi <csardi.gabor@gmail.com>’
  
  No Authors@R field in DESCRIPTION.
  Please add one, modifying
    Authors@R: c(person(given = "Darius",
                        family = "Kazemi",
                        role = "aut"),
                 person(given = "Cole",
                        family = "Willsea",
                        role = "aut"),
                 person(given = "Serin",
                        family = "Delaunay",
                        role = "aut"),
                 person(given = "Karl",
                        family = "Swedberg",
                        role = "aut"),
                 person(given = "Matthew",
                        family = "Rothenberg",
                        role = "aut"),
                 person(given = "Greg",
                        family = "Kennedy",
                        role = "aut"),
                 person(given = "Nathaniel",
                        family = "Mitchell",
                        role = "aut"),
                 person(given = "Javier",
                        family = "Arce",
                        role = "aut"),
                 person(given = "Mark",
                        family = "Sample",
                        role = "aut"),
                 person(given = "Parker",
                        family = "Higgins",
                        role = "aut"),
                 person(given = "Allison",
                        family = "Parrish",
                        role = "aut"),
                 person(given = "Matthew",
                        family = "Hokanson",
                        role = "aut"),
                 person(given = "Aaron",
                        family = "Marriner",
                        role = "aut"),
                 person(given = "Casey",
                        family = "Kolderup",
                        role = "aut"),
                 person(given = "Michael",
                        family = "Paulukonis",
                        role = "aut"),
                 person(given = "Neil",
                        family = "Freeman",
                        role = "aut"),
                 person(given = "nathan",
                        family = "lachenmyer",
                        role = "aut"),
                 person(given = "Brett",
                        family = "O'Connor",
                        role = "aut"),
                 person(given = c("Christian", "Leon"),
                        family = "Christensen",
                        role = "aut"),
                 person(given = "David",
                        family = "Edgar",
                        role = "aut"),
                 person(given = "Greg",
                        family = "Borenstein",
                        role = "aut"),
                 person(given = "Jeffery",
                        family = "Bennett",
                        role = "aut"),
                 person(given = "Kris",
                        family = "Baillargeon",
                        role = "aut"),
                 person(given = "M.",
                        family = "Nowak",
                        role = "aut"),
                 person(given = "Peter",
                        family = "Organisciak",
                        role = "aut"),
                 person(given = "Rachel",
                        family = "White",
                        role = "aut"),
                 person(given = "Tod",
                        family = "Robbins",
                        role = "aut"),
                 person(given = "John",
                        family = "Wiseman",
                        role = "aut"),
                 person(given = "Alex",
                        family = "Fox",
                        role = "aut"),
                 person(given = "Alice",
                        family = "Maz",
                        role = "aut"),
                 person(given = "Becca",
                        family = "Ricks",
                        role = "aut"),
                 person(given = "Chris",
                        family = "Spurgeon",
                        role = "aut"),
                 person(given = "Colin",
                        family = "Mitchell",
                        role = "aut"),
                 person(given = "David",
                        family = "Whitten",
                        role = "aut"),
                 person(given = c("Mary", "Dickson"),
                        family = "Diaz",
                        role = "aut"),
                 person(given = c("Michael", "R."),
                        family = "Bernstein",
                        role = "aut"),
                 person(given = "Mike",
                        family = "Watson",
                        role = "aut"),
                 person(given = "Patrick",
                        family = "Rodriguez",
                        role = "aut"),
                 person(given = "Rebecca",
                        family = "Sherman",
                        role = "aut"),
                 person(given = "Rebecca",
                        family = "Turner",
                        role = "aut"),
                 person(given = "Ross",
                        family = "Barclay",
                        role = "aut"),
                 person(given = "Ross",
                        family = "Binden",
                        role = "aut"),
                 person(given = "Ryan",
                        family = "Freebern",
                        role = "aut"),
                 person(given = "Will",
                        family = "Hankinson",
                        role = "aut"),
                 person(given = "Stefan",
                        family = "Bohacek",
                        role = "aut"),
                 person(given = "Justin",
                        family = "Alford",
                        role = "aut"),
                 person(given = "Brian",
                        family = "Detweiler",
                        role = "aut"),
                 person(given = "Ed",
                        family = "Lea",
                        role = "aut"),
                 person(given = "John",
                        family = "Ohno",
                        role = "aut"),
                 person(given = "Daniel",
                        family = "McNally",
                        role = "aut"),
                 person(given = "Sean",
                        family = "May",
                        role = "aut"),
                 person(given = "Tariq",
                        family = "Ali",
                        role = "aut"),
                 person(given = "shubham",
                        family = "kumar",
                        role = "aut"),
                 person(given = "adam",
                        family = "malantonio",
                        role = "aut"),
                 person(given = "Alan",
                        family = "Hussey",
                        role = "aut"),
                 person(given = "Amanda",
                        family = "Visconti",
                        role = "aut"),
                 person(given = "Andreas",
                        family = "Fuchs",
                        role = "aut"),
                 person(given = "Andy",
                        family = "Craze",
                        role = "aut"),
                 person(given = "Andy",
                        family = "Dayton",
                        role = "aut"),
                 person(given = "Ashur",
                        family = "Cabrera",
                        role = "aut"),
                 person(given = "Austin",
                        family = "Davis-Richardson",
                        role = "aut"),
                 person(given = "Ben",
                        family = "Williams",
                        role = "aut"),
                 person(given = "Brian",
                        family = "Chitester",
                        role = "aut"),
                 person(given = "Brian",
                        family = "Gawalt",
                        role = "aut"),
                 person(given = "Brian",
                        family = "Jones",
                        role = "aut"),
                 person(given = "Casey",
                        family = "Olson",
                        role = "aut"),
                 person(given = "Chad",
                        family = "Nelson",
                        role = "aut"),
                 person(given = "Cliff",
                        family = "Rodgers",
                        role = "aut"),
                 person(given = c("Cristian", "Rivas"),
                        family = "Gómez",
                        role = "aut"),
                 person(given = "Dan",
                        family = "Sumption",
                        role = "aut"),
                 person(given = "Edward",
                        family = "Loveall",
                        role = "aut"),
                 person(given = "Elijah",
                        family = "Cobb",
                        role = "aut"),
                 person(given = "Garrett",
                        family = "Miller",
                        role = "aut"),
                 person(given = "Grant",
                        family = "Williamson",
                        role = "aut"),
                 person(given = "Ian",
                        family = "McCowan",
                        role = "aut"),
                 person(given = "Jacob",
                        family = "Fauber",
                        role = "aut"),
                 person(given = "Jay",
                        family = "Mahabal",
                        role = "aut"),
                 person(given = "Jeoff",
                        family = "Villanueva",
                        role = "aut"),
                 person(given = "Jesse",
                        family = "Spielman",
                        role = "aut"),
                 person(given = "Joe",
                        family = "Mahoney",
                        role = "aut"),
                 person(given = "Jordan",
                        family = "Killpack",
                        role = "aut"),
                 person(given = "Josh",
                        family = "Leong",
                        role = "aut"),
                 person(given = "Kay",
                        family = "Belardinelli",
                        role = "aut"),
                 person(given = c("K", "Adam"),
                        family = "White",
                        role = "aut"),
                 person(given = "Kristian",
                        family = "Wichmann",
                        role = "aut"),
                 person(given = "Kyle",
                        family = "McDonald",
                        role = "aut"),
                 person(given = "Liam",
                        family = "Cooke",
                        role = "aut"),
                 person(given = "Marcos",
                        family = "Wright-Kuhns",
                        role = "aut"),
                 person(given = "Mark",
                        family = "Wunsch",
                        role = "aut"),
                 person(given = "Matt",
                        family = "Beiswenger",
                        role = "aut"),
                 person(given = "Matthew",
                        family = "McVickar",
                        role = "aut"),
                 person(given = "Matthew",
                        family = "Molnar",
                        role = "aut"),
                 person(given = "Max",
                        family = "Bittker",
                        role = "aut"),
                 person(given = "Michael",
                        family = "Dewberry",
                        role = "aut"),
                 person(given = "Nathan",
                        family = "Black",
                        role = "aut"),
                 person(given = "Noah",
                        family = "Kantrowitz",
                        role = "aut"),
                 person(given = "Noah",
                        family = "Swartz",
                        role = "aut"),
                 person(given = "Ranjit",
                        family = "Bhatnagar",
                        role = "aut"),
                 person(given = "Ray",
                        family = "Martinez",
                        role = "aut"),
                 person(given = "Rob",
                        family = "Huzzey",
                        role = "aut"),
                 person(given = "Ryan",
                        family = "Giglio",
                        role = "aut"),
                 person(given = "Sabareesh",
                        family = "Iyer",
                        role = "aut"),
                 person(given = "Sam",
                        family = "Raker",
                        role = "aut"),
                 person(given = "Tia",
                        family = "Esguerra",
                        role = "aut"),
                 person(given = "Utsav",
                        family = "Chadha",
                        role = "aut"),
                 person(given = "Vincent",
                        family = "Bruijn",
                        role = "aut"),
                 person(given = "Will",
                        family = "Thompson",
                        role = "aut"),
                 person(given = "Zac",
                        family = "Moody",
                        role = "aut"),
                 person(given = "aarón",
                        family = "montoya-moraga",
                        role = "aut"),
                 person(given = "Alex",
                        family = "Miller",
                        role = "aut"),
                 person(family = "Delacannon",
                        role = "aut"),
                 person(given = "Scott",
                        family = "Lieber",
                        role = "aut"),
                 person(given = "Pace",
                        family = "Ricciardelli",
                        role = "aut"),
                 person(given = "Ruta",
                        family = "Kruliauskaite",
                        role = "aut"),
                 person(given = "Scott",
                        family = "Grant",
                        role = "aut"),
                 person(given = "Gábor",
                        family = "Csárdi",
                        role = "cre",
                        email = "csardi.gabor@gmail.com"))
  as necessary.
Flavors: r-devel-linux-x86_64-debian-clang, r-devel-linux-x86_64-debian-gcc
Version: 2.0.1
Check: installed package size
Result: NOTE
    installed size is  7.6Mb
    sub-directories of 1Mb or more:
      corpora   7.5Mb
Flavors: r-oldrel-macos-arm64, r-oldrel-macos-x86_64, r-oldrel-windows-x86_64