Last updated on 2025-10-31 00:51:13 CET.
| Flavor | Version | Tinstall | Tcheck | Ttotal | Status | Flags | 
|---|---|---|---|---|---|---|
| r-devel-linux-x86_64-debian-clang | 1.0.2 | 29.33 | 61.39 | 90.72 | WARN | |
| r-devel-linux-x86_64-debian-gcc | 1.0.2 | 20.30 | 45.83 | 66.13 | WARN | |
| r-devel-linux-x86_64-fedora-clang | 1.0.2 | 46.00 | 101.92 | 147.92 | NOTE | |
| r-devel-linux-x86_64-fedora-gcc | 1.0.2 | 52.00 | 92.10 | 144.10 | NOTE | |
| r-devel-windows-x86_64 | 1.0.2 | 38.00 | 93.00 | 131.00 | NOTE | |
| r-patched-linux-x86_64 | 1.0.2 | 31.17 | 58.76 | 89.93 | NOTE | |
| r-release-linux-x86_64 | 1.0.2 | 30.37 | 58.05 | 88.42 | NOTE | |
| r-release-macos-arm64 | 1.0.2 | 12.00 | 31.00 | 43.00 | NOTE | |
| r-release-macos-x86_64 | 1.0.2 | 32.00 | 69.00 | 101.00 | NOTE | |
| r-release-windows-x86_64 | 1.0.2 | 37.00 | 91.00 | 128.00 | NOTE | |
| r-oldrel-macos-arm64 | 1.0.2 | 12.00 | 29.00 | 41.00 | NOTE | |
| r-oldrel-macos-x86_64 | 1.0.2 | 27.00 | 43.00 | 70.00 | NOTE | |
| r-oldrel-windows-x86_64 | 1.0.2 | 43.00 | 114.00 | 157.00 | NOTE | 
Version: 1.0.2
Check: CRAN incoming feasibility
Result: NOTE
  Maintainer: ‘Bahadir Yuzbasi <b.yzb@hotmail.com>’
  
  No Authors@R field in DESCRIPTION.
  Please add one, modifying
    Authors@R: c(person(given = "Bahadir",
                        family = "Yuzbasi",
                        role = c("aut", "cre"),
                        email = "b.yzb@hotmail.com"),
                 person(given = "Mohammad",
                        family = "Arashi",
                        role = "aut"),
                 person(given = "Fikri",
                        family = "Akdeniz",
                        role = "aut"))
  as necessary.
  
  The Description field contains
    Yuzbasi et al. (2019) <arXiv:1910.03660>. Special cases of this
  Please refer to arXiv e-prints via their arXiv DOI <doi:10.48550/arXiv.YYMM.NNNNN>.
Flavors: r-devel-linux-x86_64-debian-clang, r-devel-linux-x86_64-debian-gcc
Version: 1.0.2
Check: whether package can be installed
Result: WARN
  Found the following significant warnings:
    /home/hornik/tmp/R.check/r-devel-clang/Work/build/Packages/RcppArmadillo/include/RcppArmadillo/version/arma.h:66:17: warning: Using fallback compilation with Armadillo 14.6.3. Please consider defining -DARMA_USE_CURRENT and also removing C++11 compilation directive. See GitHub issue #475 for more. [-W#pragma-messages]
  See ‘/home/hornik/tmp/R.check/r-devel-clang/Work/PKGS/rbridge.Rcheck/00install.out’ for details.
  * used C++ compiler: ‘Debian clang version 19.1.7 (7)’
Flavor: r-devel-linux-x86_64-debian-clang
Version: 1.0.2
Check: C++ specification
Result: NOTE
    Specified C++11: please drop specification unless essential
Flavors: r-devel-linux-x86_64-debian-clang, r-devel-linux-x86_64-debian-gcc, r-devel-linux-x86_64-fedora-clang, r-devel-linux-x86_64-fedora-gcc, r-devel-windows-x86_64, r-patched-linux-x86_64, r-release-linux-x86_64, r-release-macos-arm64, r-release-macos-x86_64, r-release-windows-x86_64, r-oldrel-macos-arm64, r-oldrel-macos-x86_64, r-oldrel-windows-x86_64
Version: 1.0.2
Check: whether package can be installed
Result: WARN
  Found the following significant warnings:
    /home/hornik/tmp/R.check/r-devel-gcc/Work/build/Packages/RcppArmadillo/include/RcppArmadillo/version/arma.h:66:199: note: ‘#pragma message: Using fallback compilation with Armadillo 14.6.3. Please consider defining -DARMA_USE_CURRENT and also removing C++11 compilation directive. See GitHub issue #475 for more.’
  See ‘/home/hornik/tmp/R.check/r-devel-gcc/Work/PKGS/rbridge.Rcheck/00install.out’ for details.
  * used C++ compiler: ‘g++-15 (Debian 15.2.0-4) 15.2.0’
Flavor: r-devel-linux-x86_64-debian-gcc
Version: 1.0.2
Check: dependencies in R code
Result: NOTE
  Namespace in Imports field not imported from: ‘dplyr’
    All declared Imports should be used.
Flavors: r-devel-linux-x86_64-fedora-clang, r-devel-linux-x86_64-fedora-gcc