Last updated on 2024-08-25 02:48:31 CEST.
Flavor | Version | Tinstall | Tcheck | Ttotal | Status | Flags |
---|---|---|---|---|---|---|
r-devel-linux-x86_64-debian-clang | 1.0.3 | 32.08 | 41.12 | 73.20 | OK | |
r-devel-linux-x86_64-debian-gcc | 1.0.3 | 25.17 | 30.47 | 55.64 | OK | |
r-devel-linux-x86_64-fedora-clang | 1.0.3 | 137.35 | OK | |||
r-devel-linux-x86_64-fedora-gcc | 1.0.3 | 139.64 | OK | |||
r-devel-windows-x86_64 | 1.0.3 | 38.00 | 1308.00 | 1346.00 | NOTE | |
r-patched-linux-x86_64 | 1.0.3 | 35.54 | 39.38 | 74.92 | OK | |
r-release-linux-x86_64 | 1.0.3 | 34.33 | 39.41 | 73.74 | OK | |
r-release-macos-arm64 | 1.0.3 | 38.00 | OK | |||
r-release-macos-x86_64 | 1.0.3 | 45.00 | OK | |||
r-release-windows-x86_64 | 1.0.3 | 38.00 | 1688.00 | 1726.00 | NOTE | |
r-oldrel-macos-arm64 | 1.0.3 | 43.00 | NOTE | |||
r-oldrel-macos-x86_64 | 1.0.3 | 70.00 | NOTE | |||
r-oldrel-windows-x86_64 | 1.0.3 | 44.00 | 570.00 | 614.00 | NOTE |
Version: 1.0.3
Check: C++ specification
Result: NOTE
Specified C++11: please drop specification unless essential
Flavors: r-devel-windows-x86_64, r-release-windows-x86_64, r-oldrel-windows-x86_64
Version: 1.0.3
Check: package dependencies
Result: NOTE
Package suggested but not available for checking: ‘rhdf5’
Flavors: r-oldrel-macos-arm64, r-oldrel-macos-x86_64