Last updated on 2025-10-31 00:51:15 CET.
| Flavor | Version | Tinstall | Tcheck | Ttotal | Status | Flags | 
|---|---|---|---|---|---|---|
| r-devel-linux-x86_64-debian-clang | 1.2.4 | 23.17 | 153.24 | 176.41 | NOTE | |
| r-devel-linux-x86_64-debian-gcc | 1.2.4 | 16.68 | 113.82 | 130.50 | NOTE | |
| r-devel-linux-x86_64-fedora-clang | 1.2.4 | 49.00 | 240.35 | 289.35 | NOTE | |
| r-devel-linux-x86_64-fedora-gcc | 1.2.4 | 50.00 | 231.02 | 281.02 | NOTE | |
| r-devel-windows-x86_64 | 1.2.4 | 24.00 | 146.00 | 170.00 | NOTE | |
| r-patched-linux-x86_64 | 1.2.4 | 20.92 | 148.84 | 169.76 | NOTE | |
| r-release-linux-x86_64 | 1.2.4 | 21.93 | 146.18 | 168.11 | NOTE | |
| r-release-macos-arm64 | 1.2.4 | 10.00 | 67.00 | 77.00 | NOTE | |
| r-release-macos-x86_64 | 1.2.4 | 22.00 | 127.00 | 149.00 | NOTE | |
| r-release-windows-x86_64 | 1.2.4 | 26.00 | 145.00 | 171.00 | NOTE | |
| r-oldrel-macos-arm64 | 1.2.4 | 10.00 | 66.00 | 76.00 | NOTE | |
| r-oldrel-macos-x86_64 | 1.2.4 | 28.00 | 147.00 | 175.00 | NOTE | |
| r-oldrel-windows-x86_64 | 1.2.4 | 34.00 | 192.00 | 226.00 | NOTE | 
Version: 1.2.4
Check: DESCRIPTION meta-information
Result: NOTE
    Missing dependency on R >= 4.1.0 because package code uses the pipe
    |> or function shorthand \(...) syntax added in R 4.1.0.
    File(s) using such syntax:
      ‘wcvp_checklist.R’
Flavors: r-devel-linux-x86_64-debian-clang, r-devel-linux-x86_64-debian-gcc, r-devel-linux-x86_64-fedora-clang, r-devel-linux-x86_64-fedora-gcc, r-devel-windows-x86_64, r-patched-linux-x86_64, r-release-linux-x86_64, r-release-macos-arm64, r-release-macos-x86_64, r-release-windows-x86_64
Version: 1.2.4
Check: Rd cross-references
Result: NOTE
  Found the following Rd file(s) with Rd \link{} targets missing package
  anchors:
    wcvp_summary_gt.Rd: gt
  Please provide package anchors for all Rd \link{} targets not in the
  package itself and the base packages.
Flavors: r-devel-linux-x86_64-debian-clang, r-devel-linux-x86_64-debian-gcc, r-devel-windows-x86_64, r-patched-linux-x86_64, r-release-linux-x86_64, r-release-windows-x86_64
Version: 1.2.4
Check: package dependencies
Result: NOTE
  Package suggested but not available for checking: ‘rWCVPdata’
Flavors: r-oldrel-macos-arm64, r-oldrel-macos-x86_64, r-oldrel-windows-x86_64
Version: 1.2.4
Check: installed package size
Result: NOTE
    installed size is  5.9Mb
    sub-directories of 1Mb or more:
      data      3.2Mb
      extdata   2.4Mb
Flavors: r-oldrel-macos-arm64, r-oldrel-macos-x86_64