Last updated on 2025-10-01 02:54:29 CEST.
Flavor | Version | Tinstall | Tcheck | Ttotal | Status | Flags |
---|---|---|---|---|---|---|
r-devel-linux-x86_64-debian-clang | 0.1 | 12.23 | 107.53 | 119.76 | NOTE | |
r-devel-linux-x86_64-debian-gcc | 0.1 | 7.69 | 75.55 | 83.24 | NOTE | |
r-devel-linux-x86_64-fedora-clang | 0.1 | 183.43 | OK | |||
r-devel-linux-x86_64-fedora-gcc | 0.1 | 174.79 | OK | |||
r-devel-windows-x86_64 | 0.1 | 13.00 | 110.00 | 123.00 | OK | |
r-patched-linux-x86_64 | 0.1 | 10.81 | 103.41 | 114.22 | OK | |
r-release-linux-x86_64 | 0.1 | 10.64 | 102.39 | 113.03 | OK | |
r-release-macos-arm64 | 0.1 | 47.00 | OK | |||
r-release-macos-x86_64 | 0.1 | 101.00 | OK | |||
r-release-windows-x86_64 | 0.1 | 13.00 | 109.00 | 122.00 | OK | |
r-oldrel-macos-arm64 | 0.1 | 50.00 | OK | |||
r-oldrel-macos-x86_64 | 0.1 | 73.00 | OK | |||
r-oldrel-windows-x86_64 | 0.1 | 17.00 | 143.00 | 160.00 | OK |
Version: 0.1
Check: CRAN incoming feasibility
Result: NOTE
Maintainer: ‘Chenyu Ren <chenyu.ren@connect.polyu.hk>’
The Description field contains
Ting Li, Zhongyuan Lyu, Chenyu Ren, Dong Xia (2023) <arXiv:2302.04437>.
Please refer to arXiv e-prints via their arXiv DOI <doi:10.48550/arXiv.YYMM.NNNNN>.
Flavors: r-devel-linux-x86_64-debian-clang, r-devel-linux-x86_64-debian-gcc