Last updated on 2025-11-02 01:48:45 CET.
| Flavor | Version | Tinstall | Tcheck | Ttotal | Status | Flags |
|---|---|---|---|---|---|---|
| r-devel-linux-x86_64-debian-clang | 0.9.0 | 80.55 | 25.08 | 105.63 | OK | |
| r-devel-linux-x86_64-debian-gcc | 0.9.0 | 77.86 | 20.01 | 97.87 | OK | |
| r-devel-linux-x86_64-fedora-clang | 0.9.0 | 145.00 | 51.62 | 196.62 | OK | |
| r-devel-linux-x86_64-fedora-gcc | 0.9.0 | 357.00 | -95.22 | 261.78 | OK | |
| r-devel-windows-x86_64 | 0.9.0 | 100.00 | 66.00 | 166.00 | OK | |
| r-patched-linux-x86_64 | 0.9.0 | 105.59 | 23.31 | 128.90 | OK | |
| r-release-linux-x86_64 | 0.9.0 | 104.79 | 23.35 | 128.14 | OK | |
| r-release-macos-arm64 | 0.9.0 | 46.00 | 15.00 | 61.00 | OK | |
| r-release-macos-x86_64 | 0.9.0 | 76.00 | 39.00 | 115.00 | OK | |
| r-release-windows-x86_64 | 0.9.0 | 102.00 | 67.00 | 169.00 | OK | |
| r-oldrel-macos-arm64 | 0.9.0 | 44.00 | 19.00 | 63.00 | NOTE | |
| r-oldrel-macos-x86_64 | 0.9.0 | 71.00 | 27.00 | 98.00 | NOTE | |
| r-oldrel-windows-x86_64 | 0.9.0 | 108.00 | 94.00 | 202.00 | OK |
Version: 0.9.0
Check: installed package size
Result: NOTE
installed size is 14.9Mb
sub-directories of 1Mb or more:
libs 14.8Mb
Flavors: r-oldrel-macos-arm64, r-oldrel-macos-x86_64