Last updated on 2025-10-31 00:51:12 CET.
| Flavor | Version | Tinstall | Tcheck | Ttotal | Status | Flags | 
|---|---|---|---|---|---|---|
| r-devel-linux-x86_64-debian-clang | 1.2.6 | 19.30 | 174.79 | 194.09 | OK | |
| r-devel-linux-x86_64-debian-gcc | 1.2.6 | 10.99 | 123.60 | 134.59 | OK | |
| r-devel-linux-x86_64-fedora-clang | 1.2.6 | 44.00 | 251.69 | 295.69 | OK | |
| r-devel-linux-x86_64-fedora-gcc | 1.2.6 | 36.00 | 257.62 | 293.62 | OK | |
| r-devel-windows-x86_64 | 1.2.6 | 22.00 | 195.00 | 217.00 | OK | |
| r-patched-linux-x86_64 | 1.2.6 | 17.67 | 167.71 | 185.38 | OK | |
| r-release-linux-x86_64 | 1.2.6 | 19.04 | 165.41 | 184.45 | OK | |
| r-release-macos-arm64 | 1.2.6 | 8.00 | 67.00 | 75.00 | OK | |
| r-release-macos-x86_64 | 1.2.6 | 15.00 | 145.00 | 160.00 | OK | |
| r-release-windows-x86_64 | 1.2.6 | 23.00 | 191.00 | 214.00 | OK | |
| r-oldrel-macos-arm64 | 1.2.6 | 8.00 | 72.00 | 80.00 | NOTE | |
| r-oldrel-macos-x86_64 | 1.2.6 | 13.00 | 153.00 | 166.00 | NOTE | |
| r-oldrel-windows-x86_64 | 1.2.6 | 29.00 | 234.00 | 263.00 | NOTE | 
Version: 1.2.6
Check: installed package size
Result: NOTE
    installed size is  5.4Mb
    sub-directories of 1Mb or more:
      doc   4.4Mb
Flavors: r-oldrel-macos-arm64, r-oldrel-macos-x86_64, r-oldrel-windows-x86_64