Last updated on 2024-06-16 01:49:35 CEST.
Flavor | Version | Tinstall | Tcheck | Ttotal | Status | Flags |
---|---|---|---|---|---|---|
r-devel-linux-x86_64-debian-clang | 0.2.2 | 3.11 | 53.99 | 57.10 | OK | |
r-devel-linux-x86_64-debian-gcc | 0.2.2 | 2.65 | 37.73 | 40.38 | OK | |
r-devel-linux-x86_64-fedora-clang | 0.2.2 | 69.29 | NOTE | |||
r-devel-linux-x86_64-fedora-gcc | 0.2.2 | 68.65 | OK | |||
r-devel-windows-x86_64 | 0.2.2 | 5.00 | 57.00 | 62.00 | OK | |
r-patched-linux-x86_64 | 0.2.2 | 3.12 | 49.48 | 52.60 | OK | |
r-release-linux-x86_64 | 0.2.2 | 2.57 | 49.33 | 51.90 | OK | |
r-release-macos-arm64 | 0.2.2 | 21.00 | OK | |||
r-release-macos-x86_64 | 0.2.2 | 32.00 | OK | |||
r-release-windows-x86_64 | 0.2.2 | 3.00 | 57.00 | 60.00 | OK | |
r-oldrel-macos-arm64 | 0.2.2 | 27.00 | OK | |||
r-oldrel-macos-x86_64 | 0.2.2 | 55.00 | OK | |||
r-oldrel-windows-x86_64 | 0.2.2 | 5.00 | 64.00 | 69.00 | OK |
Version: 0.2.2
Check: package dependencies
Result: NOTE
Package suggested but not available for checking: ‘opencv’
Flavor: r-devel-linux-x86_64-fedora-clang