Last updated on 2025-02-22 00:49:56 CET.
Flavor | Version | Tinstall | Tcheck | Ttotal | Status | Flags |
---|---|---|---|---|---|---|
r-devel-linux-x86_64-debian-clang | 0.3.0 | 4.55 | 99.30 | 103.85 | NOTE | |
r-devel-linux-x86_64-debian-gcc | 0.3.0 | 2.95 | 64.81 | 67.76 | NOTE | |
r-devel-linux-x86_64-fedora-clang | 0.3.0 | 164.86 | OK | |||
r-devel-linux-x86_64-fedora-gcc | 0.3.0 | 173.93 | OK | |||
r-devel-macos-arm64 | 0.3.0 | 55.00 | OK | |||
r-devel-macos-x86_64 | 0.3.0 | 109.00 | OK | |||
r-devel-windows-x86_64 | 0.3.0 | 7.00 | 120.00 | 127.00 | NOTE | |
r-patched-linux-x86_64 | 0.3.0 | 7.89 | 93.84 | 101.73 | OK | |
r-release-linux-x86_64 | 0.3.0 | 4.58 | 94.56 | 99.14 | OK | |
r-release-macos-arm64 | 0.3.0 | 50.00 | OK | |||
r-release-macos-x86_64 | 0.3.0 | 81.00 | OK | |||
r-release-windows-x86_64 | 0.3.0 | 7.00 | 124.00 | 131.00 | OK | |
r-oldrel-macos-arm64 | 0.3.0 | 55.00 | OK | |||
r-oldrel-macos-x86_64 | 0.3.0 | 88.00 | OK | |||
r-oldrel-windows-x86_64 | 0.3.0 | 9.00 | 129.00 | 138.00 | OK |
Version: 0.3.0
Check: Rd cross-references
Result: NOTE
Found the following Rd file(s) with Rd \link{} targets missing package
anchors:
geom_qqboxplot.Rd: geom_boxplot
Please provide package anchors for all Rd \link{} targets not in the
package itself and the base packages.
Flavors: r-devel-linux-x86_64-debian-clang, r-devel-linux-x86_64-debian-gcc, r-devel-windows-x86_64