Last updated on 2024-07-22 01:49:32 CEST.
Flavor | Version | Tinstall | Tcheck | Ttotal | Status | Flags |
---|---|---|---|---|---|---|
r-devel-linux-x86_64-debian-clang | 1.19 | 14.83 | 75.30 | 90.13 | NOTE | |
r-devel-linux-x86_64-debian-gcc | 1.19 | 14.32 | 57.77 | 72.09 | NOTE | |
r-devel-linux-x86_64-fedora-clang | 1.19 | 117.58 | NOTE | |||
r-devel-linux-x86_64-fedora-gcc | 1.19 | 107.71 | NOTE | |||
r-devel-windows-x86_64 | 1.19 | 15.00 | 84.00 | 99.00 | NOTE | |
r-patched-linux-x86_64 | 1.19 | 19.25 | 68.87 | 88.12 | NOTE | |
r-release-linux-x86_64 | 1.19 | 18.73 | 69.12 | 87.85 | NOTE | |
r-release-macos-arm64 | 1.19 | 36.00 | NOTE | |||
r-release-macos-x86_64 | 1.19 | 62.00 | NOTE | |||
r-release-windows-x86_64 | 1.19 | 14.00 | 83.00 | 97.00 | NOTE | |
r-oldrel-macos-arm64 | 1.19 | 35.00 | NOTE | |||
r-oldrel-macos-x86_64 | 1.19 | 57.00 | NOTE | |||
r-oldrel-windows-x86_64 | 1.19 | 12.00 | 93.00 | 105.00 | NOTE |
Version: 1.19
Check: package subdirectories
Result: NOTE
Problems with news in ‘NEWS.md’:
No news entries found.
Flavors: r-devel-linux-x86_64-debian-clang, r-devel-linux-x86_64-debian-gcc, r-devel-linux-x86_64-fedora-clang, r-devel-linux-x86_64-fedora-gcc, r-devel-windows-x86_64, r-patched-linux-x86_64, r-release-linux-x86_64, r-release-macos-arm64, r-release-macos-x86_64, r-release-windows-x86_64, r-oldrel-macos-arm64, r-oldrel-macos-x86_64, r-oldrel-windows-x86_64