Last updated on 2025-10-31 00:51:12 CET.
| Flavor | Version | Tinstall | Tcheck | Ttotal | Status | Flags | 
|---|---|---|---|---|---|---|
| r-devel-linux-x86_64-debian-clang | 0.1.0 | 4.18 | 43.55 | 47.73 | NOTE | |
| r-devel-linux-x86_64-debian-gcc | 0.1.0 | 2.86 | 32.49 | 35.35 | NOTE | |
| r-devel-linux-x86_64-fedora-clang | 0.1.0 | 71.65 | OK | |||
| r-devel-linux-x86_64-fedora-gcc | 0.1.0 | 85.13 | OK | |||
| r-devel-windows-x86_64 | 0.1.0 | 6.00 | 63.00 | 69.00 | OK | |
| r-patched-linux-x86_64 | 0.1.0 | 3.71 | 40.35 | 44.06 | OK | |
| r-release-linux-x86_64 | 0.1.0 | 3.23 | 40.93 | 44.16 | OK | |
| r-release-macos-arm64 | 0.1.0 | 2.00 | 30.00 | 32.00 | OK | |
| r-release-macos-x86_64 | 0.1.0 | 3.00 | 51.00 | 54.00 | OK | |
| r-release-windows-x86_64 | 0.1.0 | 6.00 | 63.00 | 69.00 | OK | |
| r-oldrel-macos-arm64 | 0.1.0 | 2.00 | 30.00 | 32.00 | OK | |
| r-oldrel-macos-x86_64 | 0.1.0 | 3.00 | 43.00 | 46.00 | OK | |
| r-oldrel-windows-x86_64 | 0.1.0 | 7.00 | 73.00 | 80.00 | OK | 
Version: 0.1.0
Check: CRAN incoming feasibility
Result: NOTE
  Maintainer: ‘Wilson Jr. Aala <s98107020@gs.ncku.edu.tw>’
  
  No Authors@R field in DESCRIPTION.
  Please add one, modifying
    Authors@R: person(given = c("Wilson", "Jr."),
                      family = "Aala",
                      role = c("aut", "cre"),
                      email = "s98107020@gs.ncku.edu.tw")
  as necessary.
Flavors: r-devel-linux-x86_64-debian-clang, r-devel-linux-x86_64-debian-gcc