Last updated on 2025-10-31 00:51:12 CET.
| Flavor | Version | Tinstall | Tcheck | Ttotal | Status | Flags | 
|---|---|---|---|---|---|---|
| r-devel-linux-x86_64-debian-clang | 1.9-16 | 4.18 | 47.61 | 51.79 | NOTE | |
| r-devel-linux-x86_64-debian-gcc | 1.9-16 | 3.35 | 36.94 | 40.29 | NOTE | |
| r-devel-linux-x86_64-fedora-clang | 1.9-16 | 10.00 | 69.84 | 79.84 | NOTE | |
| r-devel-linux-x86_64-fedora-gcc | 1.9-16 | 19.00 | 61.82 | 80.82 | NOTE | |
| r-devel-windows-x86_64 | 1.9-16 | 9.00 | 65.00 | 74.00 | NOTE | |
| r-patched-linux-x86_64 | 1.9-16 | 4.38 | 45.82 | 50.20 | NOTE | |
| r-release-linux-x86_64 | 1.9-16 | 4.51 | 46.71 | 51.22 | NOTE | |
| r-release-macos-arm64 | 1.9-16 | 4.00 | 27.00 | 31.00 | NOTE | |
| r-release-macos-x86_64 | 1.9-16 | 6.00 | 42.00 | 48.00 | NOTE | |
| r-release-windows-x86_64 | 1.9-16 | 11.00 | 79.00 | 90.00 | NOTE | |
| r-oldrel-macos-arm64 | 1.9-16 | 3.00 | 29.00 | 32.00 | NOTE | |
| r-oldrel-macos-x86_64 | 1.9-16 | 4.00 | 37.00 | 41.00 | NOTE | |
| r-oldrel-windows-x86_64 | 1.9-16 | 12.00 | 78.00 | 90.00 | NOTE | 
Version: 1.9-16
Check: CRAN incoming feasibility
Result: NOTE
  Maintainer: ‘Ron Wehrens <ron.wehrens@gmail.com>’
  
  Package CITATION file contains call(s) to old-style personList() or
  as.personList().  Please use c() on person objects instead.
  Package CITATION file contains call(s) to old-style citEntry().  Please
  use bibentry() instead.
Flavors: r-devel-linux-x86_64-debian-clang, r-devel-linux-x86_64-debian-gcc
Version: 1.9-16
Check: Rd files
Result: NOTE
  checkRd: (-1) ptw-package.Rd:20-28: Lost braces
      20 | @Article{Bloemberg2010,
         |         ^
  checkRd: (-1) ptw-package.Rd:30-38: Lost braces
      30 | Article{Wehrens2015,
         |        ^
Flavors: r-devel-linux-x86_64-debian-clang, r-devel-linux-x86_64-debian-gcc, r-devel-linux-x86_64-fedora-clang, r-devel-linux-x86_64-fedora-gcc, r-devel-windows-x86_64, r-patched-linux-x86_64, r-release-linux-x86_64, r-release-macos-arm64, r-release-macos-x86_64, r-release-windows-x86_64, r-oldrel-macos-arm64, r-oldrel-macos-x86_64, r-oldrel-windows-x86_64