Last updated on 2024-07-22 01:49:32 CEST.
Flavor | Version | Tinstall | Tcheck | Ttotal | Status | Flags |
---|---|---|---|---|---|---|
r-devel-linux-x86_64-debian-clang | 2.4.6.26 | 62.65 | 433.45 | 496.10 | OK | |
r-devel-linux-x86_64-debian-gcc | 2.4.6.26 | 51.50 | 304.43 | 355.93 | OK | |
r-devel-linux-x86_64-fedora-clang | 2.4.6.26 | 613.40 | OK | |||
r-devel-linux-x86_64-fedora-gcc | 2.4.6.26 | 579.84 | OK | |||
r-devel-windows-x86_64 | 2.4.6.26 | 52.00 | 350.00 | 402.00 | OK | |
r-patched-linux-x86_64 | 2.4.6.26 | 66.06 | 384.54 | 450.60 | ERROR | |
r-release-linux-x86_64 | 2.4.6.26 | 51.39 | 408.20 | 459.59 | OK | |
r-release-macos-arm64 | 2.4.6.26 | 151.00 | OK | |||
r-release-macos-x86_64 | 2.4.6.26 | 429.00 | OK | |||
r-release-windows-x86_64 | 2.4.6.26 | 50.00 | 341.00 | 391.00 | OK | |
r-oldrel-macos-arm64 | 2.4.6.26 | 176.00 | NOTE | |||
r-oldrel-macos-x86_64 | 2.4.6.26 | 343.00 | NOTE | |||
r-oldrel-windows-x86_64 | 2.4.6.26 | 72.00 | 433.00 | 505.00 | NOTE |
Version: 2.4.6.26
Check: re-building of vignette outputs
Result: ERROR
Error(s) in re-building vignettes:
...
--- re-building ‘scoring.Rnw’ using knitr
Quitting from lines 211-214 [unnamed-chunk-2] (scoring.Rnw)
Error: processing vignette 'scoring.Rnw' failed with diagnostics:
cannot open the connection to 'https://personality-project.org/r/psych/HowTo/scoring.tutorial/small.msq.txt'
--- failed re-building ‘scoring.Rnw’
SUMMARY: processing the following file failed:
‘scoring.Rnw’
Error: Vignette re-building failed.
Execution halted
Flavor: r-patched-linux-x86_64
Version: 2.4.6.26
Check: R code for possible problems
Result: NOTE
iclust: no visible binding for global variable ‘use’
Undefined global functions or variables:
use
Flavors: r-oldrel-macos-arm64, r-oldrel-macos-x86_64, r-oldrel-windows-x86_64