Last updated on 2025-10-31 00:51:12 CET.
| Flavor | Version | Tinstall | Tcheck | Ttotal | Status | Flags | 
|---|---|---|---|---|---|---|
| r-devel-linux-x86_64-debian-clang | 1.0.4 | 5.36 | 25.68 | 31.04 | NOTE | |
| r-devel-linux-x86_64-debian-gcc | 1.0.4 | 3.41 | 19.87 | 23.28 | NOTE | |
| r-devel-linux-x86_64-fedora-clang | 1.0.4 | 11.00 | 35.79 | 46.79 | OK | |
| r-devel-linux-x86_64-fedora-gcc | 1.0.4 | 13.00 | 32.36 | 45.36 | OK | |
| r-devel-windows-x86_64 | 1.0.4 | 6.00 | 44.00 | 50.00 | OK | |
| r-patched-linux-x86_64 | 1.0.4 | 5.16 | 24.61 | 29.77 | OK | |
| r-release-linux-x86_64 | 1.0.4 | 5.06 | 24.64 | 29.70 | OK | |
| r-release-macos-arm64 | 1.0.4 | 3.00 | 15.00 | 18.00 | OK | |
| r-release-macos-x86_64 | 1.0.4 | 5.00 | 24.00 | 29.00 | OK | |
| r-release-windows-x86_64 | 1.0.4 | 6.00 | 48.00 | 54.00 | OK | |
| r-oldrel-macos-arm64 | 1.0.4 | 2.00 | 21.00 | 23.00 | OK | |
| r-oldrel-macos-x86_64 | 1.0.4 | 4.00 | 20.00 | 24.00 | OK | |
| r-oldrel-windows-x86_64 | 1.0.4 | 6.00 | 43.00 | 49.00 | OK | 
Version: 1.0.4
Check: CRAN incoming feasibility
Result: NOTE
  Maintainer: ‘Claus Bendtsen <papyrus.bendtsen@gmail.com>’
  
  No Authors@R field in DESCRIPTION.
  Please add one, modifying
    Authors@R: c(person(given = "Claus",
                        family = "Bendtsen.",
                        role = "aut",
                        email = "papyrus.bendtsen@gmail.com"),
                 person(given = "Claus",
                        family = "Bendtsen",
                        role = "cre",
                        email = "papyrus.bendtsen@gmail.com"))
  as necessary.
Flavors: r-devel-linux-x86_64-debian-clang, r-devel-linux-x86_64-debian-gcc