Last updated on 2025-02-22 00:49:55 CET.
Flavor | Version | Tinstall | Tcheck | Ttotal | Status | Flags |
---|---|---|---|---|---|---|
r-devel-linux-x86_64-debian-clang | 1.0 | 122.16 | 250.46 | 372.62 | OK | |
r-devel-linux-x86_64-debian-gcc | 1.0 | 123.21 | 187.92 | 311.13 | OK | |
r-devel-linux-x86_64-fedora-clang | 1.0 | 609.66 | NOTE | |||
r-devel-linux-x86_64-fedora-gcc | 1.0 | 711.75 | NOTE | |||
r-devel-macos-arm64 | 1.0 | 166.00 | OK | |||
r-devel-macos-x86_64 | 1.0 | 449.00 | OK | |||
r-devel-windows-x86_64 | 1.0 | 134.00 | 238.00 | 372.00 | OK | |
r-patched-linux-x86_64 | 1.0 | 158.25 | 261.11 | 419.36 | NOTE | |
r-release-linux-x86_64 | 1.0 | 152.68 | 255.25 | 407.93 | NOTE | |
r-release-macos-arm64 | 1.0 | 98.00 | NOTE | |||
r-release-macos-x86_64 | 1.0 | 181.00 | NOTE | |||
r-release-windows-x86_64 | 1.0 | 132.00 | 247.00 | 379.00 | NOTE | |
r-oldrel-macos-arm64 | 1.0 | 219.00 | NOTE | |||
r-oldrel-macos-x86_64 | 1.0 | 361.00 | NOTE | |||
r-oldrel-windows-x86_64 | 1.0 | 176.00 | 327.00 | 503.00 | NOTE |
Version: 1.0
Check: dependencies in R code
Result: NOTE
Namespaces in Imports field not imported from:
‘StanHeaders’ ‘methods’ ‘rstantools’
All declared Imports should be used.
Flavors: r-devel-linux-x86_64-fedora-clang, r-devel-linux-x86_64-fedora-gcc
Version: 1.0
Check: for GNU extensions in Makefiles
Result: NOTE
GNU make is a SystemRequirements.
Flavors: r-patched-linux-x86_64, r-release-linux-x86_64, r-release-macos-arm64, r-release-macos-x86_64, r-release-windows-x86_64, r-oldrel-macos-arm64, r-oldrel-macos-x86_64, r-oldrel-windows-x86_64
Version: 1.0
Check: installed package size
Result: NOTE
installed size is 49.5Mb
sub-directories of 1Mb or more:
libs 48.8Mb
Flavors: r-release-macos-arm64, r-release-macos-x86_64, r-oldrel-macos-arm64, r-oldrel-macos-x86_64