Last updated on 2025-10-31 00:51:12 CET.
| Flavor | Version | Tinstall | Tcheck | Ttotal | Status | Flags | 
|---|---|---|---|---|---|---|
| r-devel-linux-x86_64-debian-clang | 8.0.6 | 367.15 | 414.94 | 782.09 | OK | |
| r-devel-linux-x86_64-debian-gcc | 8.0.6 | 231.25 | 270.56 | 501.81 | OK | |
| r-devel-linux-x86_64-fedora-clang | 8.0.6 | 900.00 | 498.36 | 1398.36 | OK | |
| r-devel-linux-x86_64-fedora-gcc | 8.0.6 | 600.00 | 723.02 | 1323.02 | OK | |
| r-devel-windows-x86_64 | 8.0.6 | 413.00 | 411.00 | 824.00 | OK | |
| r-patched-linux-x86_64 | 8.0.6 | 363.21 | 388.93 | 752.14 | OK | |
| r-release-linux-x86_64 | 8.0.6 | 358.13 | 386.72 | 744.85 | OK | |
| r-release-macos-arm64 | 8.0.6 | 112.00 | 154.00 | 266.00 | OK | |
| r-release-macos-x86_64 | 8.0.6 | 127.00 | 364.00 | 491.00 | OK | |
| r-release-windows-x86_64 | 8.0.6 | 407.00 | 408.00 | 815.00 | OK | |
| r-oldrel-macos-arm64 | 8.0.6 | 128.00 | 176.00 | 304.00 | NOTE | |
| r-oldrel-macos-x86_64 | 8.0.6 | 121.00 | 249.00 | 370.00 | NOTE | |
| r-oldrel-windows-x86_64 | 8.0.6 | 493.00 | 565.00 | 1058.00 | NOTE | 
Version: 8.0.6
Check: package dependencies
Result: NOTE
  Packages suggested but not available for checking:
    'gurobi', 'rcbc', 'cplexAPI'
Flavors: r-oldrel-macos-arm64, r-oldrel-macos-x86_64, r-oldrel-windows-x86_64
Version: 8.0.6
Check: installed package size
Result: NOTE
    installed size is 20.0Mb
    sub-directories of 1Mb or more:
      R      2.0Mb
      doc    4.7Mb
      libs  11.3Mb
Flavors: r-oldrel-macos-arm64, r-oldrel-macos-x86_64, r-oldrel-windows-x86_64