CRAN Package Check Results for Package prettyB

Last updated on 2025-11-01 01:50:40 CET.

Flavor Version Tinstall Tcheck Ttotal Status Flags
r-devel-linux-x86_64-debian-clang 0.2.2 2.55 38.35 40.90 OK
r-devel-linux-x86_64-debian-gcc 0.2.2 1.81 30.01 31.82 OK
r-devel-linux-x86_64-fedora-clang 0.2.2 56.83 OK
r-devel-linux-x86_64-fedora-gcc 0.2.2 67.68 OK
r-devel-windows-x86_64 0.2.2 4.00 48.00 52.00 OK
r-patched-linux-x86_64 0.2.2 2.63 35.27 37.90 OK
r-release-linux-x86_64 0.2.2 2.57 35.51 38.08 OK
r-release-macos-arm64 0.2.2 1.00 24.00 25.00 OK
r-release-macos-x86_64 0.2.2 2.00 47.00 49.00 OK
r-release-windows-x86_64 0.2.2 3.00 52.00 55.00 OK
r-oldrel-macos-arm64 0.2.2 1.00 23.00 24.00 NOTE
r-oldrel-macos-x86_64 0.2.2 2.00 34.00 36.00 NOTE
r-oldrel-windows-x86_64 0.2.2 6.00 70.00 76.00 NOTE

Check Details

Version: 0.2.2
Check: LazyData
Result: NOTE 'LazyData' is specified without a 'data' directory Flavors: r-oldrel-macos-arm64, r-oldrel-macos-x86_64, r-oldrel-windows-x86_64