Last updated on 2025-10-31 00:51:12 CET.
| Flavor | Version | Tinstall | Tcheck | Ttotal | Status | Flags | 
|---|---|---|---|---|---|---|
| r-devel-linux-x86_64-debian-clang | 2.3-4 | 5.62 | 78.85 | 84.47 | OK | |
| r-devel-linux-x86_64-debian-gcc | 2.3-4 | 4.37 | 54.05 | 58.42 | OK | |
| r-devel-linux-x86_64-fedora-clang | 2.3-4 | 15.00 | 116.13 | 131.13 | NOTE | |
| r-devel-linux-x86_64-fedora-gcc | 2.3-4 | 18.00 | 106.99 | 124.99 | OK | |
| r-devel-windows-x86_64 | 2.3-4 | 8.00 | 100.00 | 108.00 | OK | |
| r-patched-linux-x86_64 | 2.3-4 | 8.55 | 74.04 | 82.59 | OK | |
| r-release-linux-x86_64 | 2.3-4 | 6.78 | 74.32 | 81.10 | OK | |
| r-release-macos-arm64 | 2.3-4 | 3.00 | 35.00 | 38.00 | OK | |
| r-release-macos-x86_64 | 2.3-4 | 5.00 | 64.00 | 69.00 | OK | |
| r-release-windows-x86_64 | 2.3-4 | 10.00 | 113.00 | 123.00 | OK | |
| r-oldrel-macos-arm64 | 2.3-4 | 2.00 | 41.00 | 43.00 | OK | |
| r-oldrel-macos-x86_64 | 2.3-4 | 5.00 | 77.00 | 82.00 | OK | |
| r-oldrel-windows-x86_64 | 2.3-4 | 8.00 | 122.00 | 130.00 | OK | 
Version: 2.3-4
Check: tests
Result: NOTE
    Running ‘donttestexamples.R’
    Running ‘prabclustests.R’ [21s/27s]
    Comparing ‘prabclustests.Rout’ to ‘prabclustests.Rout.save’ ...108,110c108
  < Simulation run  1OMP: Warning #96: Cannot form a team with 24 threads, using 2 instead.
  < OMP: Hint Consider unsetting KMP_DEVICE_THREAD_LIMIT (KMP_ALL_THREADS), KMP_TEAMS_THREAD_LIMIT, and OMP_THREAD_LIMIT (if any are set).
  <  statistics value= 0.2931 
  ---
  > Simulation run  1 statistics value= 0.2931
Flavor: r-devel-linux-x86_64-fedora-clang