Last updated on 2025-02-22 00:49:55 CET.
Flavor | Version | Tinstall | Tcheck | Ttotal | Status | Flags |
---|---|---|---|---|---|---|
r-devel-linux-x86_64-debian-clang | 1.4.0 | 4.74 | 36.51 | 41.25 | OK | |
r-devel-linux-x86_64-debian-gcc | 1.4.0 | 2.54 | 26.34 | 28.88 | OK | |
r-devel-linux-x86_64-fedora-clang | 1.4.0 | 64.86 | NOTE | |||
r-devel-linux-x86_64-fedora-gcc | 1.4.0 | 62.71 | NOTE | |||
r-devel-macos-arm64 | 1.4.0 | 25.00 | OK | |||
r-devel-macos-x86_64 | 1.4.0 | 39.00 | OK | |||
r-devel-windows-x86_64 | 1.4.0 | 8.00 | 60.00 | 68.00 | OK | |
r-patched-linux-x86_64 | 1.4.0 | 6.29 | 35.17 | 41.46 | OK | |
r-release-linux-x86_64 | 1.4.0 | 4.13 | 34.99 | 39.12 | OK | |
r-release-macos-arm64 | 1.4.0 | 27.00 | OK | |||
r-release-macos-x86_64 | 1.4.0 | 45.00 | OK | |||
r-release-windows-x86_64 | 1.4.0 | 7.00 | 59.00 | 66.00 | OK | |
r-oldrel-macos-arm64 | 1.4.0 | 29.00 | OK | |||
r-oldrel-macos-x86_64 | 1.4.0 | 45.00 | OK | |||
r-oldrel-windows-x86_64 | 1.4.0 | 7.00 | 72.00 | 79.00 | OK |
Version: 1.4.0
Check: dependencies in R code
Result: NOTE
Namespaces in Imports field not imported from:
‘bslib’ ‘shinyjs’
All declared Imports should be used.
Flavors: r-devel-linux-x86_64-fedora-clang, r-devel-linux-x86_64-fedora-gcc