Last updated on 2025-10-31 00:51:12 CET.
| Flavor | Version | Tinstall | Tcheck | Ttotal | Status | Flags | 
|---|---|---|---|---|---|---|
| r-devel-linux-x86_64-debian-clang | 1.0 | 1.76 | 21.26 | 23.02 | NOTE | |
| r-devel-linux-x86_64-debian-gcc | 1.0 | 1.45 | 17.45 | 18.90 | NOTE | |
| r-devel-linux-x86_64-fedora-clang | 1.0 | 34.58 | OK | |||
| r-devel-linux-x86_64-fedora-gcc | 1.0 | 33.52 | OK | |||
| r-devel-windows-x86_64 | 1.0 | 2.00 | 38.00 | 40.00 | OK | |
| r-patched-linux-x86_64 | 1.0 | 1.86 | 20.56 | 22.42 | OK | |
| r-release-linux-x86_64 | 1.0 | 1.77 | 20.52 | 22.29 | OK | |
| r-release-macos-arm64 | 1.0 | 1.00 | 14.00 | 15.00 | OK | |
| r-release-macos-x86_64 | 1.0 | 2.00 | 33.00 | 35.00 | OK | |
| r-release-windows-x86_64 | 1.0 | 2.00 | 42.00 | 44.00 | OK | |
| r-oldrel-macos-arm64 | 1.0 | 1.00 | 15.00 | 16.00 | OK | |
| r-oldrel-macos-x86_64 | 1.0 | 2.00 | 28.00 | 30.00 | OK | |
| r-oldrel-windows-x86_64 | 1.0 | 3.00 | 39.00 | 42.00 | OK | 
Version: 1.0
Check: CRAN incoming feasibility
Result: NOTE
  Maintainer: ‘Jack G. Gambino <jack.gambino@gmail.com>’
  
  No Authors@R field in DESCRIPTION.
  Please add one, modifying
    Authors@R: person(given = c("Jack", "G."),
                      family = "Gambino",
                      role = c("aut", "cre"),
                      email = "jack.gambino@gmail.com")
  as necessary.
Flavors: r-devel-linux-x86_64-debian-clang, r-devel-linux-x86_64-debian-gcc