Last updated on 2024-06-16 01:49:35 CEST.
Flavor | Version | Tinstall | Tcheck | Ttotal | Status | Flags |
---|---|---|---|---|---|---|
r-devel-linux-x86_64-debian-clang | 0.1.7 | 2.47 | 24.67 | 27.14 | OK | |
r-devel-linux-x86_64-debian-gcc | 0.1.7 | 1.85 | 19.67 | 21.52 | OK | |
r-devel-linux-x86_64-fedora-clang | 0.1.7 | 35.15 | NOTE | |||
r-devel-linux-x86_64-fedora-gcc | 0.1.7 | 32.99 | NOTE | |||
r-devel-windows-x86_64 | 0.1.7 | 3.00 | 41.00 | 44.00 | OK | |
r-patched-linux-x86_64 | 0.1.7 | 1.87 | 24.76 | 26.63 | OK | |
r-release-linux-x86_64 | 0.1.7 | 2.43 | 24.23 | 26.66 | OK | |
r-release-macos-arm64 | 0.1.7 | 19.00 | OK | |||
r-release-macos-x86_64 | 0.1.7 | 29.00 | OK | |||
r-release-windows-x86_64 | 0.1.7 | 3.00 | 43.00 | 46.00 | OK | |
r-oldrel-macos-arm64 | 0.1.7 | 17.00 | OK | |||
r-oldrel-macos-x86_64 | 0.1.7 | 34.00 | OK | |||
r-oldrel-windows-x86_64 | 0.1.7 | 3.00 | 45.00 | 48.00 | OK |
Version: 0.1.7
Check: data for non-ASCII characters
Result: NOTE
Note: found 869 marked UTF-8 strings
Flavors: r-devel-linux-x86_64-fedora-clang, r-devel-linux-x86_64-fedora-gcc