Last updated on 2025-10-31 00:51:12 CET.
| Flavor | Version | Tinstall | Tcheck | Ttotal | Status | Flags | 
|---|---|---|---|---|---|---|
| r-devel-linux-x86_64-debian-clang | 1.2 | 1.55 | 20.98 | 22.53 | NOTE | |
| r-devel-linux-x86_64-debian-gcc | 1.2 | 1.39 | 17.64 | 19.03 | NOTE | |
| r-devel-linux-x86_64-fedora-clang | 1.2 | 32.42 | OK | |||
| r-devel-linux-x86_64-fedora-gcc | 1.2 | 31.08 | OK | |||
| r-devel-windows-x86_64 | 1.2 | 3.00 | 40.00 | 43.00 | OK | |
| r-patched-linux-x86_64 | 1.2 | 1.62 | 18.94 | 20.56 | OK | |
| r-release-linux-x86_64 | 1.2 | 1.68 | 19.14 | 20.82 | OK | |
| r-release-macos-arm64 | 1.2 | 1.00 | 15.00 | 16.00 | OK | |
| r-release-macos-x86_64 | 1.2 | 1.00 | 23.00 | 24.00 | OK | |
| r-release-windows-x86_64 | 1.2 | 4.00 | 54.00 | 58.00 | OK | |
| r-oldrel-macos-arm64 | 1.2 | 1.00 | 15.00 | 16.00 | NOTE | |
| r-oldrel-macos-x86_64 | 1.2 | 1.00 | 20.00 | 21.00 | NOTE | |
| r-oldrel-windows-x86_64 | 1.2 | 4.00 | 45.00 | 49.00 | NOTE | 
Version: 1.2
Check: CRAN incoming feasibility
Result: NOTE
  Maintainer: ‘Mikkel Freltoft Krogsholm <mikkel@56n.dk>’
  
  No Authors@R field in DESCRIPTION.
  Please add one, modifying
    Authors@R: person(given = c("Mikkel", "Freltoft"),
                      family = "Krogsholm",
                      role = c("aut", "cre"),
                      email = "mikkel@56n.dk")
  as necessary.
Flavors: r-devel-linux-x86_64-debian-clang, r-devel-linux-x86_64-debian-gcc
Version: 1.2
Check: LazyData
Result: NOTE
    'LazyData' is specified without a 'data' directory
Flavors: r-oldrel-macos-arm64, r-oldrel-macos-x86_64, r-oldrel-windows-x86_64