Last updated on 2024-08-24 02:49:50 CEST.
Flavor | Version | Tinstall | Tcheck | Ttotal | Status | Flags |
---|---|---|---|---|---|---|
r-devel-linux-x86_64-debian-clang | 0.2.3 | 2.00 | 17.75 | 19.75 | OK | |
r-devel-linux-x86_64-debian-gcc | 0.2.3 | 1.62 | 14.56 | 16.18 | OK | |
r-devel-linux-x86_64-fedora-clang | 0.2.3 | 31.26 | NOTE | |||
r-devel-linux-x86_64-fedora-gcc | 0.2.3 | 29.81 | OK | |||
r-devel-windows-x86_64 | 0.2.3 | 3.00 | 39.00 | 42.00 | OK | |
r-patched-linux-x86_64 | 0.2.3 | 1.93 | 17.36 | 19.29 | OK | |
r-release-linux-x86_64 | 0.2.3 | 1.96 | 17.25 | 19.21 | OK | |
r-release-macos-arm64 | 0.2.3 | 15.00 | OK | |||
r-release-macos-x86_64 | 0.2.3 | 21.00 | OK | |||
r-release-windows-x86_64 | 0.2.3 | 4.00 | 41.00 | 45.00 | OK | |
r-oldrel-macos-arm64 | 0.2.3 | 15.00 | OK | |||
r-oldrel-macos-x86_64 | 0.2.3 | 20.00 | OK | |||
r-oldrel-windows-x86_64 | 0.2.3 | 4.00 | 41.00 | 45.00 | OK |
Version: 0.2.3
Check: Rd cross-references
Result: NOTE
Undeclared package ‘bslib’ in Rd xrefs
Flavor: r-devel-linux-x86_64-fedora-clang