Last updated on 2025-10-31 00:51:12 CET.
| Flavor | Version | Tinstall | Tcheck | Ttotal | Status | Flags | 
|---|---|---|---|---|---|---|
| r-devel-linux-x86_64-debian-clang | 1.3-2 | 11.39 | 132.18 | 143.57 | OK | |
| r-devel-linux-x86_64-debian-gcc | 1.3-2 | 7.63 | 99.92 | 107.55 | OK | |
| r-devel-linux-x86_64-fedora-clang | 1.3-2 | 20.00 | 182.94 | 202.94 | OK | |
| r-devel-linux-x86_64-fedora-gcc | 1.3-2 | 23.00 | 184.92 | 207.92 | OK | |
| r-devel-windows-x86_64 | 1.3-2 | 13.00 | 137.00 | 150.00 | OK | |
| r-patched-linux-x86_64 | 1.3-2 | 11.40 | 127.63 | 139.03 | OK | |
| r-release-linux-x86_64 | 1.3-2 | 9.51 | 129.42 | 138.93 | OK | |
| r-release-macos-arm64 | 1.3-2 | 6.00 | 55.00 | 61.00 | OK | |
| r-release-macos-x86_64 | 1.3-2 | 15.00 | 128.00 | 143.00 | OK | |
| r-release-windows-x86_64 | 1.3-2 | 15.00 | 120.00 | 135.00 | OK | |
| r-oldrel-macos-arm64 | 1.3-2 | 3.00 | 57.00 | 60.00 | NOTE | |
| r-oldrel-macos-x86_64 | 1.3-2 | 24.00 | 149.00 | 173.00 | NOTE | |
| r-oldrel-windows-x86_64 | 1.3-2 | 17.00 | 154.00 | 171.00 | NOTE | 
Version: 1.3-2
Check: installed package size
Result: NOTE
    installed size is  5.6Mb
    sub-directories of 1Mb or more:
      doc   5.1Mb
Flavors: r-oldrel-macos-arm64, r-oldrel-macos-x86_64, r-oldrel-windows-x86_64