Last updated on 2025-10-31 00:51:12 CET.
| Flavor | Version | Tinstall | Tcheck | Ttotal | Status | Flags | 
|---|---|---|---|---|---|---|
| r-devel-linux-x86_64-debian-clang | 1.1.7 | 504.80 | 955.63 | 1460.43 | OK | |
| r-devel-linux-x86_64-debian-gcc | 1.1.7 | 309.47 | 513.84 | 823.31 | OK | |
| r-devel-linux-x86_64-fedora-clang | 1.1.7 | 1500.00 | 1209.81 | 2709.81 | OK | |
| r-devel-linux-x86_64-fedora-gcc | 1.1.7 | 1440.00 | 1152.56 | 2592.56 | OK | |
| r-devel-windows-x86_64 | 1.1.7 | 469.00 | 535.00 | 1004.00 | OK | |
| r-patched-linux-x86_64 | 1.1.7 | 479.73 | 898.21 | 1377.94 | OK | |
| r-release-linux-x86_64 | 1.1.7 | 486.21 | 906.27 | 1392.48 | OK | |
| r-release-macos-arm64 | 1.1.7 | 177.00 | 139.00 | 316.00 | OK | |
| r-release-macos-x86_64 | 1.1.7 | 423.00 | 366.00 | 789.00 | OK | |
| r-release-windows-x86_64 | 1.1.7 | 515.00 | 599.00 | 1114.00 | OK | |
| r-oldrel-macos-arm64 | 1.1.7 | 179.00 | 147.00 | 326.00 | NOTE | |
| r-oldrel-macos-x86_64 | 1.1.7 | 476.00 | 374.00 | 850.00 | NOTE | |
| r-oldrel-windows-x86_64 | 1.1.7 | 504.00 | 850.00 | 1354.00 | NOTE | 
Version: 1.1.7
Check: installed package size
Result: NOTE
    installed size is 13.4Mb
    sub-directories of 1Mb or more:
      R      7.1Mb
      data   5.2Mb
Flavors: r-oldrel-macos-arm64, r-oldrel-macos-x86_64, r-oldrel-windows-x86_64