Last updated on 2025-10-31 00:51:12 CET.
| Flavor | Version | Tinstall | Tcheck | Ttotal | Status | Flags | 
|---|---|---|---|---|---|---|
| r-devel-linux-x86_64-debian-clang | 1.1.7 | 78.40 | 141.97 | 220.37 | OK | |
| r-devel-linux-x86_64-debian-gcc | 1.1.7 | 51.71 | 100.77 | 152.48 | OK | |
| r-devel-linux-x86_64-fedora-clang | 1.1.7 | 160.00 | 205.35 | 365.35 | OK | |
| r-devel-linux-x86_64-fedora-gcc | 1.1.7 | 373.00 | 27.75 | 400.75 | OK | |
| r-devel-windows-x86_64 | 1.1.7 | 86.00 | 231.00 | 317.00 | OK | |
| r-patched-linux-x86_64 | 1.1.7 | 82.71 | 137.66 | 220.37 | OK | |
| r-release-linux-x86_64 | 1.1.7 | 76.82 | 137.29 | 214.11 | OK | |
| r-release-macos-arm64 | 1.1.7 | 29.00 | 73.00 | 102.00 | OK | |
| r-release-macos-x86_64 | 1.1.7 | 37.00 | 151.00 | 188.00 | OK | |
| r-release-windows-x86_64 | 1.1.7 | 87.00 | 229.00 | 316.00 | OK | |
| r-oldrel-macos-arm64 | 1.1.7 | 26.00 | 77.00 | 103.00 | NOTE | |
| r-oldrel-macos-x86_64 | 1.1.7 | 37.00 | 155.00 | 192.00 | NOTE | |
| r-oldrel-windows-x86_64 | 1.1.7 | 102.00 | 278.00 | 380.00 | NOTE | 
Version: 1.1.7
Check: installed package size
Result: NOTE
    installed size is 10.4Mb
    sub-directories of 1Mb or more:
      R      2.3Mb
      data   1.3Mb
      libs   6.6Mb
Flavors: r-oldrel-macos-arm64, r-oldrel-macos-x86_64, r-oldrel-windows-x86_64