Last updated on 2025-10-31 00:51:11 CET.
| Flavor | Version | Tinstall | Tcheck | Ttotal | Status | Flags | 
|---|---|---|---|---|---|---|
| r-devel-linux-x86_64-debian-clang | 2.0 | 12.05 | 73.16 | 85.21 | NOTE | |
| r-devel-linux-x86_64-debian-gcc | 2.0 | 8.30 | 60.88 | 69.18 | NOTE | |
| r-devel-linux-x86_64-fedora-clang | 2.0 | 30.00 | 103.21 | 133.21 | OK | |
| r-devel-linux-x86_64-fedora-gcc | 2.0 | 49.00 | 92.39 | 141.39 | OK | |
| r-devel-windows-x86_64 | 2.0 | 11.00 | 72.00 | 83.00 | OK | |
| r-patched-linux-x86_64 | 2.0 | 11.62 | 67.96 | 79.58 | OK | |
| r-release-linux-x86_64 | 2.0 | 11.61 | 68.57 | 80.18 | OK | |
| r-release-macos-arm64 | 2.0 | 16.00 | 64.00 | 80.00 | OK | |
| r-release-macos-x86_64 | 2.0 | 17.00 | 85.00 | 102.00 | OK | |
| r-release-windows-x86_64 | 2.0 | 11.00 | 72.00 | 83.00 | OK | |
| r-oldrel-macos-arm64 | 2.0 | 9.00 | 44.00 | 53.00 | OK | |
| r-oldrel-macos-x86_64 | 2.0 | 10.00 | 62.00 | 72.00 | OK | |
| r-oldrel-windows-x86_64 | 2.0 | 14.00 | 87.00 | 101.00 | OK | 
Version: 2.0
Check: CRAN incoming feasibility
Result: NOTE
  Maintainer: ‘Dhammapal Bharne <dhammapalb@uohyd.ac.in>’
  
  No Authors@R field in DESCRIPTION.
  Please add one, modifying
    Authors@R: c(person(given = "Dhammapal",
                        family = "Bharne",
                        role = c("aut", "cre"),
                        email = "dhammapalb@uohyd.ac.in"),
                 person(given = "Vaibhav",
                        family = "Vindal",
                        role = "aut"))
  as necessary.
Flavors: r-devel-linux-x86_64-debian-clang, r-devel-linux-x86_64-debian-gcc