Last updated on 2025-02-22 00:49:55 CET.
Flavor | Version | Tinstall | Tcheck | Ttotal | Status | Flags |
---|---|---|---|---|---|---|
r-devel-linux-x86_64-debian-clang | 0.1.5 | 1.49 | 24.59 | 26.08 | OK | |
r-devel-linux-x86_64-debian-gcc | 0.1.5 | 1.44 | 19.80 | 21.24 | OK | |
r-devel-linux-x86_64-fedora-clang | 0.1.5 | 42.84 | NOTE | |||
r-devel-linux-x86_64-fedora-gcc | 0.1.5 | 54.34 | NOTE | |||
r-devel-macos-arm64 | 0.1.5 | 23.00 | OK | |||
r-devel-macos-x86_64 | 0.1.5 | 43.00 | OK | |||
r-devel-windows-x86_64 | 0.1.5 | 3.00 | 55.00 | 58.00 | OK | |
r-patched-linux-x86_64 | 0.1.5 | 2.05 | 23.27 | 25.32 | OK | |
r-release-linux-x86_64 | 0.1.5 | 1.81 | 23.66 | 25.47 | OK | |
r-release-macos-arm64 | 0.1.5 | 25.00 | OK | |||
r-release-macos-x86_64 | 0.1.5 | 35.00 | OK | |||
r-release-windows-x86_64 | 0.1.5 | 5.00 | 54.00 | 59.00 | OK | |
r-oldrel-macos-arm64 | 0.1.5 | 28.00 | OK | |||
r-oldrel-macos-x86_64 | 0.1.5 | 56.00 | OK | |||
r-oldrel-windows-x86_64 | 0.1.5 | 5.00 | 53.00 | 58.00 | OK |
Version: 0.1.5
Check: dependencies in R code
Result: NOTE
Namespace in Imports field not imported from: ‘curl’
All declared Imports should be used.
Flavors: r-devel-linux-x86_64-fedora-clang, r-devel-linux-x86_64-fedora-gcc