Last updated on 2025-10-31 00:51:11 CET.
| Flavor | Version | Tinstall | Tcheck | Ttotal | Status | Flags | 
|---|---|---|---|---|---|---|
| r-devel-linux-x86_64-debian-clang | 1.1.3 | 35.97 | 55.10 | 91.07 | NOTE | |
| r-devel-linux-x86_64-debian-gcc | 1.1.3 | 26.56 | 43.20 | 69.76 | NOTE | |
| r-devel-linux-x86_64-fedora-clang | 1.1.3 | 70.00 | 74.26 | 144.26 | NOTE | |
| r-devel-linux-x86_64-fedora-gcc | 1.1.3 | 107.00 | 54.74 | 161.74 | NOTE | |
| r-devel-windows-x86_64 | 1.1.3 | 38.00 | 93.00 | 131.00 | OK | |
| r-patched-linux-x86_64 | 1.1.3 | 38.11 | 53.88 | 91.99 | OK | |
| r-release-linux-x86_64 | 1.1.3 | 33.68 | 52.78 | 86.46 | OK | |
| r-release-macos-arm64 | 1.1.3 | 14.00 | 35.00 | 49.00 | OK | |
| r-release-macos-x86_64 | 1.1.3 | 26.00 | 65.00 | 91.00 | OK | |
| r-release-windows-x86_64 | 1.1.3 | 38.00 | 89.00 | 127.00 | OK | |
| r-oldrel-macos-arm64 | 1.1.3 | 14.00 | 34.00 | 48.00 | NOTE | |
| r-oldrel-macos-x86_64 | 1.1.3 | 23.00 | 52.00 | 75.00 | NOTE | |
| r-oldrel-windows-x86_64 | 1.1.3 | 46.00 | 107.00 | 153.00 | OK | 
Version: 1.1.3
Check: CRAN incoming feasibility
Result: NOTE
  Maintainer: ‘Kengo Nagashima <nshi1201@gmail.com>’
  
  Package CITATION file contains call(s) to old-style personList() or
  as.personList().  Please use c() on person objects instead.
  Package CITATION file contains call(s) to old-style citEntry().  Please
  use bibentry() instead.
  
  The Description field contains
    <doi:10.1177/0962280218773520>, <arXiv:1804.01054>.
  Please refer to arXiv e-prints via their arXiv DOI <doi:10.48550/arXiv.YYMM.NNNNN>.
  
  Found the following URLs which should use \doi (with the DOI name only):
    File ‘cima.Rd’:
      https://doi.org/10.1002/jrsm.1319
      https://doi.org/10.1177/0962280218773520
      https://doi.org/10.1111/j.1467-985X.2008.00552.x
      https://doi.org/10.1002/sim.7140
      https://doi.org/10.1002/sim.791
      https://doi.org/10.1016/j.csda.2005.07.019
      https://doi.org/10.1002/sim.4350
    File ‘convert_bin.Rd’:
      https://doi.org/10.1002/sim.1009
    File ‘hyp.Rd’:
      https://doi.org/10.1161/01.HYP.0000165020.14745.79
    File ‘i2h.Rd’:
      https://doi.org/10.1002/sim.1186
    File ‘pain.Rd’:
      https://doi.org/10.1001/jama.2008.944
      https://doi.org/10.1136/bmj.d549
    File ‘pima.Rd’:
      https://doi.org/10.1111/j.1467-985X.2008.00552.x
      https://doi.org/10.1002/sim.7140
      https://doi.org/10.1177/0962280218773520
      https://doi.org/10.1002/(SICI)1521-4036(199912)41:8<901::AID-BIMJ901>3.0.CO;2-W
      https://doi.org/10.1002/sim.791
      https://doi.org/10.1016/j.csda.2005.07.019
    File ‘sbp.Rd’:
      https://doi.org/10.1136/bmj.d549
    File ‘setshift.Rd’:
      https://doi.org/10.1017/S0033291707009877
      https://doi.org/10.1111/j.1467-985X.2008.00552.x
    File ‘tau2h.Rd’:
      https://doi.org/10.1002/sim.2688
      https://doi.org/10.1002/jrsm.1164
      https://doi.org/10.1002/jrsm.1316
      https://doi.org/10.1016/0197-2456(86)90046-2
      https://doi.org/10.1037/0033-2909.93.2.388
      https://doi.org/10.6028/jres.087.022
      https://doi.org/10.1081/SAC-120023884
      https://doi.org/10.3102/10769986030003261
      https://doi.org/10.1002/(SICI)1097-0258(19991030)18:20<2693::AID-SIM235>3.0.CO;2-V
      https://doi.org/10.1111/j.1467-9876.2005.00489.x
      https://doi.org/10.1080/01621459.1983.10477920
      https://doi.org/10.1002/sim.5821
      https://doi.org/10.1002/(SICI)1097-0258(19970415)16:7<753::AID-SIM494>3.0.CO;2-G
Flavors: r-devel-linux-x86_64-debian-clang, r-devel-linux-x86_64-debian-gcc
Version: 1.1.3
Check: dependencies in R code
Result: NOTE
  Namespace in Imports field not imported from: ‘utils’
    All declared Imports should be used.
Flavors: r-devel-linux-x86_64-fedora-clang, r-devel-linux-x86_64-fedora-gcc
Version: 1.1.3
Check: installed package size
Result: NOTE
    installed size is 16.1Mb
    sub-directories of 1Mb or more:
      libs  15.8Mb
Flavors: r-oldrel-macos-arm64, r-oldrel-macos-x86_64