Last updated on 2025-10-31 00:51:11 CET.
| Flavor | Version | Tinstall | Tcheck | Ttotal | Status | Flags | 
|---|---|---|---|---|---|---|
| r-devel-linux-x86_64-debian-clang | 0.1.3 | 2.23 | 34.17 | 36.40 | NOTE | |
| r-devel-linux-x86_64-debian-gcc | 0.1.3 | 1.74 | 27.58 | 29.32 | NOTE | |
| r-devel-linux-x86_64-fedora-clang | 0.1.3 | 57.92 | OK | |||
| r-devel-linux-x86_64-fedora-gcc | 0.1.3 | 67.47 | OK | |||
| r-devel-windows-x86_64 | 0.1.3 | 3.00 | 57.00 | 60.00 | OK | |
| r-patched-linux-x86_64 | 0.1.3 | 1.97 | 32.28 | 34.25 | OK | |
| r-release-linux-x86_64 | 0.1.3 | 1.61 | 32.28 | 33.89 | OK | |
| r-release-macos-arm64 | 0.1.3 | 1.00 | 30.00 | 31.00 | OK | |
| r-release-macos-x86_64 | 0.1.3 | 2.00 | 49.00 | 51.00 | OK | |
| r-release-windows-x86_64 | 0.1.3 | 4.00 | 59.00 | 63.00 | OK | |
| r-oldrel-macos-arm64 | 0.1.3 | 1.00 | 24.00 | 25.00 | NOTE | |
| r-oldrel-macos-x86_64 | 0.1.3 | 2.00 | 37.00 | 39.00 | NOTE | |
| r-oldrel-windows-x86_64 | 0.1.3 | 4.00 | 65.00 | 69.00 | NOTE | 
Version: 0.1.3
Check: CRAN incoming feasibility
Result: NOTE
  Maintainer: ‘Bijan Seyednasrollah <bijan.s.nasr@gmail.com>’
  
  No Authors@R field in DESCRIPTION.
  Please add one, modifying
    Authors@R: c(person(given = "Bijan",
                        family = "Seyednasrollah",
                        role = c("aut", "cre"),
                        email = "bijan.s.nasr@gmail.com"),
                 person(given = c("Jennifer", "J."),
                        family = "Swenson",
                        role = "aut"),
                 person(given = "Jean-Christophe",
                        family = "Domec",
                        role = "aut"),
                 person(given = c("James", "S."),
                        family = "Clark",
                        role = "aut"))
  as necessary.
  
  Package CITATION file contains call(s) to old-style citEntry().  Please
  use bibentry() instead.
Flavors: r-devel-linux-x86_64-debian-clang, r-devel-linux-x86_64-debian-gcc
Version: 0.1.3
Check: LazyData
Result: NOTE
    'LazyData' is specified without a 'data' directory
Flavors: r-oldrel-macos-arm64, r-oldrel-macos-x86_64, r-oldrel-windows-x86_64