Last updated on 2025-10-31 00:51:11 CET.
| Flavor | Version | Tinstall | Tcheck | Ttotal | Status | Flags | 
|---|---|---|---|---|---|---|
| r-devel-linux-x86_64-debian-clang | 2.12.1 | 53.17 | 404.10 | 457.27 | OK | |
| r-devel-linux-x86_64-debian-gcc | 2.12.1 | 37.68 | 289.53 | 327.21 | OK | |
| r-devel-linux-x86_64-fedora-clang | 2.12.1 | 115.00 | 604.20 | 719.20 | OK | |
| r-devel-linux-x86_64-fedora-gcc | 2.12.1 | 115.00 | 594.90 | 709.90 | OK | |
| r-devel-windows-x86_64 | 2.12.1 | 59.00 | 384.00 | 443.00 | OK | |
| r-patched-linux-x86_64 | 2.12.1 | 56.48 | 400.16 | 456.64 | OK | |
| r-release-linux-x86_64 | 2.12.1 | 55.24 | 402.38 | 457.62 | OK | |
| r-release-macos-arm64 | 2.12.1 | 26.00 | 177.00 | 203.00 | OK | |
| r-release-macos-x86_64 | 2.12.1 | 56.00 | 419.00 | 475.00 | OK | |
| r-release-windows-x86_64 | 2.12.1 | 62.00 | 386.00 | 448.00 | OK | |
| r-oldrel-macos-arm64 | 2.12.1 | 23.00 | 159.00 | 182.00 | NOTE | |
| r-oldrel-macos-x86_64 | 2.12.1 | 37.00 | 331.00 | 368.00 | NOTE | |
| r-oldrel-windows-x86_64 | 2.12.1 | 79.00 | 497.00 | 576.00 | NOTE | 
Version: 2.12.1
Check: installed package size
Result: NOTE
    installed size is  8.2Mb
    sub-directories of 1Mb or more:
      doc    1.4Mb
      libs   4.2Mb
Flavors: r-oldrel-macos-arm64, r-oldrel-macos-x86_64, r-oldrel-windows-x86_64