Last updated on 2025-02-22 00:49:54 CET.
Flavor | Version | Tinstall | Tcheck | Ttotal | Status | Flags |
---|---|---|---|---|---|---|
r-devel-linux-x86_64-debian-clang | 0.3.0 | 5.09 | 37.87 | 42.96 | NOTE | |
r-devel-linux-x86_64-debian-gcc | 0.3.0 | 3.31 | 27.92 | 31.23 | NOTE | |
r-devel-linux-x86_64-fedora-clang | 0.3.0 | 66.17 | NOTE | |||
r-devel-linux-x86_64-fedora-gcc | 0.3.0 | 63.89 | NOTE | |||
r-devel-macos-arm64 | 0.3.0 | 25.00 | NOTE | |||
r-devel-macos-x86_64 | 0.3.0 | 38.00 | NOTE | |||
r-devel-windows-x86_64 | 0.3.0 | 6.00 | 62.00 | 68.00 | NOTE | |
r-patched-linux-x86_64 | 0.3.0 | 5.39 | 35.15 | 40.54 | NOTE | |
r-release-linux-x86_64 | 0.3.0 | 4.98 | 34.65 | 39.63 | NOTE | |
r-release-macos-arm64 | 0.3.0 | 24.00 | NOTE | |||
r-release-macos-x86_64 | 0.3.0 | 45.00 | NOTE | |||
r-release-windows-x86_64 | 0.3.0 | 6.00 | 59.00 | 65.00 | NOTE | |
r-oldrel-macos-arm64 | 0.3.0 | 25.00 | OK | |||
r-oldrel-macos-x86_64 | 0.3.0 | 33.00 | OK | |||
r-oldrel-windows-x86_64 | 0.3.0 | 8.00 | 62.00 | 70.00 | OK |
Version: 0.3.0
Check: Rd files
Result: NOTE
checkRd: (-1) read_PN.Rd:15: Lost braces
15 | A code{\link{marked_petrinet}}
| ^
Flavors: r-devel-linux-x86_64-debian-clang, r-devel-linux-x86_64-debian-gcc, r-devel-linux-x86_64-fedora-clang, r-devel-linux-x86_64-fedora-gcc, r-devel-macos-arm64, r-devel-macos-x86_64, r-devel-windows-x86_64, r-patched-linux-x86_64, r-release-linux-x86_64, r-release-macos-arm64, r-release-macos-x86_64, r-release-windows-x86_64