Last updated on 2025-11-01 01:50:39 CET.
| Flavor | Version | Tinstall | Tcheck | Ttotal | Status | Flags |
|---|---|---|---|---|---|---|
| r-devel-linux-x86_64-debian-clang | 1.2.0 | 6.80 | 81.78 | 88.58 | NOTE | |
| r-devel-linux-x86_64-debian-gcc | 1.2.0 | 4.41 | 57.83 | 62.24 | NOTE | |
| r-devel-linux-x86_64-fedora-clang | 1.2.0 | 19.00 | 113.06 | 132.06 | OK | |
| r-devel-linux-x86_64-fedora-gcc | 1.2.0 | 15.00 | 123.31 | 138.31 | OK | |
| r-devel-windows-x86_64 | 1.2.0 | 8.00 | 97.00 | 105.00 | OK | |
| r-patched-linux-x86_64 | 1.2.0 | 5.91 | 71.43 | 77.34 | OK | |
| r-release-linux-x86_64 | 1.2.0 | 6.74 | 73.48 | 80.22 | OK | |
| r-release-macos-arm64 | 1.2.0 | 3.00 | 45.00 | 48.00 | OK | |
| r-release-macos-x86_64 | 1.2.0 | 5.00 | 73.00 | 78.00 | OK | |
| r-release-windows-x86_64 | 1.2.0 | 10.00 | 103.00 | 113.00 | OK | |
| r-oldrel-macos-arm64 | 1.2.0 | 3.00 | 41.00 | 44.00 | OK | |
| r-oldrel-macos-x86_64 | 1.2.0 | 6.00 | 89.00 | 95.00 | OK | |
| r-oldrel-windows-x86_64 | 1.2.0 | 11.00 | 112.00 | 123.00 | OK |
Version: 1.2.0
Check: CRAN incoming feasibility
Result: NOTE
Maintainer: ‘Seyma Kalay <seymakalay@hotmail.com>’
No Authors@R field in DESCRIPTION.
Please add one, modifying
Authors@R: person(given = "Seyma",
family = "Kalay",
role = c("aut", "cre"),
email = "seymakalay@hotmail.com")
as necessary.
Flavors: r-devel-linux-x86_64-debian-clang, r-devel-linux-x86_64-debian-gcc