Last updated on 2025-10-31 00:51:11 CET.
| Flavor | Version | Tinstall | Tcheck | Ttotal | Status | Flags | 
|---|---|---|---|---|---|---|
| r-devel-linux-x86_64-debian-clang | 1.0 | 1.48 | 24.15 | 25.63 | OK | |
| r-devel-linux-x86_64-debian-gcc | 1.0 | 1.36 | 20.33 | 21.69 | OK | |
| r-devel-linux-x86_64-fedora-clang | 1.0 | 39.27 | OK | |||
| r-devel-linux-x86_64-fedora-gcc | 1.0 | 36.81 | OK | |||
| r-devel-windows-x86_64 | 1.0 | 2.00 | 50.00 | 52.00 | OK | |
| r-patched-linux-x86_64 | 1.0 | 1.93 | 22.88 | 24.81 | OK | |
| r-release-linux-x86_64 | 1.0 | 1.66 | 22.81 | 24.47 | OK | |
| r-release-macos-arm64 | 1.0 | 1.00 | 18.00 | 19.00 | OK | |
| r-release-macos-x86_64 | 1.0 | 2.00 | 25.00 | 27.00 | OK | |
| r-release-windows-x86_64 | 1.0 | 3.00 | 49.00 | 52.00 | OK | |
| r-oldrel-macos-arm64 | 1.0 | 1.00 | 16.00 | 17.00 | NOTE | |
| r-oldrel-macos-x86_64 | 1.0 | 1.00 | 23.00 | 24.00 | NOTE | |
| r-oldrel-windows-x86_64 | 1.0 | 5.00 | 55.00 | 60.00 | NOTE | 
Version: 1.0
Check: package dependencies
Result: NOTE
  Package suggested but not available for checking: ‘PythonInR’
Flavors: r-oldrel-macos-arm64, r-oldrel-macos-x86_64, r-oldrel-windows-x86_64