Last updated on 2025-10-31 00:51:11 CET.
| Flavor | Version | Tinstall | Tcheck | Ttotal | Status | Flags | 
|---|---|---|---|---|---|---|
| r-devel-linux-x86_64-debian-clang | 1.0.0.1 | 2.46 | 38.41 | 40.87 | NOTE | |
| r-devel-linux-x86_64-debian-gcc | 1.0.0.1 | 2.02 | 29.96 | 31.98 | NOTE | |
| r-devel-linux-x86_64-fedora-clang | 1.0.0.1 | 61.06 | OK | |||
| r-devel-linux-x86_64-fedora-gcc | 1.0.0.1 | 71.27 | OK | |||
| r-devel-windows-x86_64 | 1.0.0.1 | 5.00 | 64.00 | 69.00 | OK | |
| r-patched-linux-x86_64 | 1.0.0.1 | 2.62 | 36.19 | 38.81 | OK | |
| r-release-linux-x86_64 | 1.0.0.1 | 2.24 | 36.51 | 38.75 | OK | |
| r-release-macos-arm64 | 1.0.0.1 | 2.00 | 38.00 | 40.00 | ERROR | |
| r-release-macos-x86_64 | 1.0.0.1 | 2.00 | 51.00 | 53.00 | OK | |
| r-release-windows-x86_64 | 1.0.0.1 | 5.00 | 65.00 | 70.00 | OK | |
| r-oldrel-macos-arm64 | 1.0.0.1 | 2.00 | 35.00 | 37.00 | ERROR | |
| r-oldrel-macos-x86_64 | 1.0.0.1 | 2.00 | 40.00 | 42.00 | OK | |
| r-oldrel-windows-x86_64 | 1.0.0.1 | 6.00 | 75.00 | 81.00 | OK | 
Version: 1.0.0.1
Check: CRAN incoming feasibility
Result: NOTE
  Maintainer: ‘Aleksei Krasikov <krasikov.as@phystech.edu>’
  
  No Authors@R field in DESCRIPTION.
  Please add one, modifying
    Authors@R: person(given = "Aleksei",
                      family = "Krasikov",
                      role = c("aut", "cre"),
                      email = "krasikov.as@phystech.edu")
  as necessary.
Flavors: r-devel-linux-x86_64-debian-clang, r-devel-linux-x86_64-debian-gcc
Version: 1.0.0.1
Check: re-building of vignette outputs
Result: ERROR
  Error(s) in re-building vignettes:
  --- re-building ‘tutorial.Rmd’ using rmarkdown
  ! kpathsea: Running mktexpk --mfmode / --bdpi 600 --mag 1+0/600 --dpi 600 bbm10
  
  ! mkdir: ././opt/tex/texmf-var/fonts/pk/ljfour/public: Permission denied
  
  ! mktexpk: /opt/tex/texmf-dist/web2c/mktexdir /opt/tex/texmf-var/fonts/pk/ljfour/public/bbm failed.
  
  ! kpathsea: Appending font creation commands to missfont.log.
  
  Error: processing vignette 'tutorial.Rmd' failed with diagnostics:
  LaTeX failed to compile /Volumes/Builds/packages/big-sur-arm64/results/4.5/pcSteiner.Rcheck/vign_test/pcSteiner/vignettes/tutorial.tex. See https://yihui.org/tinytex/r/#debugging for debugging tips. See tutorial.log for more info.
  --- failed re-building ‘tutorial.Rmd’
  
  SUMMARY: processing the following file failed:
    ‘tutorial.Rmd’
  
  Error: Vignette re-building failed.
  Execution halted
Flavor: r-release-macos-arm64
Version: 1.0.0.1
Check: re-building of vignette outputs
Result: ERROR
  Error(s) in re-building vignettes:
  --- re-building ‘tutorial.Rmd’ using rmarkdown
  ! kpathsea: Running mktexpk --mfmode / --bdpi 600 --mag 1+0/600 --dpi 600 bbm10
  
  ! mkdir: ././opt/tex/texmf-var/fonts/pk/ljfour/public: Permission denied
  
  ! mktexpk: /opt/tex/texmf-dist/web2c/mktexdir /opt/tex/texmf-var/fonts/pk/ljfour/public/bbm failed.
  
  ! kpathsea: Appending font creation commands to missfont.log.
  
  Error: processing vignette 'tutorial.Rmd' failed with diagnostics:
  LaTeX failed to compile /Volumes/Builds/packages/big-sur-arm64/results/4.4/pcSteiner.Rcheck/vign_test/pcSteiner/vignettes/tutorial.tex. See https://yihui.org/tinytex/r/#debugging for debugging tips. See tutorial.log for more info.
  --- failed re-building ‘tutorial.Rmd’
  
  SUMMARY: processing the following file failed:
    ‘tutorial.Rmd’
  
  Error: Vignette re-building failed.
  Execution halted
Flavor: r-oldrel-macos-arm64